{"id":1239,"date":"2017-04-22T15:19:38","date_gmt":"2017-04-22T12:19:38","guid":{"rendered":"https:\/\/inginerie.aero\/?page_id=1239"},"modified":"2020-01-31T13:45:20","modified_gmt":"2020-01-31T11:45:20","slug":"sesiune-de-examene","status":"publish","type":"page","link":"https:\/\/inginerie.aero\/index.php\/ro\/sesiune-de-examene\/","title":{"rendered":"Sesiune de examene"},"content":{"rendered":"<p>[et_pb_section bb_built=&#8221;1&#8243; admin_label=&#8221;section&#8221;][et_pb_row admin_label=&#8221;row&#8221; background_position=&#8221;top_left&#8221; background_repeat=&#8221;repeat&#8221; background_size=&#8221;initial&#8221;][et_pb_column type=&#8221;4_4&#8243;][et_pb_text background_layout=&#8221;light&#8221; use_border_color=&#8221;off&#8221; background_position=&#8221;top_left&#8221; background_repeat=&#8221;repeat&#8221; background_size=&#8221;initial&#8221; _builder_version=&#8221;3.0.92&#8243;]<\/p>\n<p><img loading=\"lazy\" decoding=\"async\" class=\"alignnone size-full wp-image-2112\" src=\"https:\/\/inginerie.aero\/wp-content\/uploads\/2017\/04\/15965395_349518682099823_1376724682915754394_n.jpg\" alt=\"\" width=\"640\" height=\"371\" srcset=\"https:\/\/inginerie.aero\/wp-content\/uploads\/2017\/04\/15965395_349518682099823_1376724682915754394_n.jpg 640w, https:\/\/inginerie.aero\/wp-content\/uploads\/2017\/04\/15965395_349518682099823_1376724682915754394_n-300x174.jpg 300w, https:\/\/inginerie.aero\/wp-content\/uploads\/2017\/04\/15965395_349518682099823_1376724682915754394_n-610x354.jpg 610w\" sizes=\"(max-width: 640px) 100vw, 640px\" \/><\/p>\n<h3>Programarea examenelor<\/h3>\n<p>&nbsp;<\/p>\n<p>&nbsp;<\/p>\n<p>[\/et_pb_text][et_pb_button _builder_version=&#8221;3.0.92&#8243; button_text=&#8221;Examene Ian 2020&#8243; button_url=&#8221;https:\/\/inginerie.aero\/wp-content\/uploads\/2020\/01\/Sesiunea_ianuarie2020_v3.pdf&#8221; url_new_window=&#8221;on&#8221; background_layout=&#8221;light&#8221; custom_button=&#8221;off&#8221; button_icon_placement=&#8221;right&#8221; \/][et_pb_text background_layout=&#8221;light&#8221; use_border_color=&#8221;off&#8221; background_position=&#8221;top_left&#8221; background_repeat=&#8221;repeat&#8221; background_size=&#8221;initial&#8221; _builder_version=&#8221;3.0.92&#8243;]<\/p>\n<h3>Sesiuni anterioare<\/h3>\n<h4><a href=\"https:\/\/inginerie.aero\/wp-content\/uploads\/2019\/08\/Sesiunea_sep2019_v4.pdf\" target=\"_blank\" rel=\"noopener noreferrer\">Sesiunea de refaceri de toamn\u0103 2018-2019<\/a><\/h4>\n<h4><a href=\"https:\/\/inginerie.aero\/wp-content\/uploads\/2019\/05\/Sesiunea_mai2019_v3.pdf\" target=\"_blank\" rel=\"noopener noreferrer\">Sesiunea de examene de var\u0103 2018-2019<\/a>\u00a0 \u00a0<a href=\"https:\/\/inginerie.aero\/wp-content\/uploads\/2019\/05\/ProgRefaceriMai2019_v2.pdf\" target=\"_blank\" rel=\"noopener noreferrer\">Sesiunea de refaceri pentru anii terminali<\/a><\/h4>\n<h5><a href=\"https:\/\/inginerie.aero\/wp-content\/uploads\/2019\/05\/Programare-examene-DGIDI-Mai2019.pdf\" target=\"_blank\" rel=\"noopener noreferrer\">Sesiunea de examene \/ refaceri DGIDI de var\u0103 2018-2019<\/a><\/h5>\n<h4><a href=\"https:\/\/inginerie.aero\/wp-content\/uploads\/2019\/01\/Sesiunea_ianuarie2019_v3.pdf\" target=\"_blank\" rel=\"noopener noreferrer\">Sesiunea de examene de iarn\u0103 2018-2019<\/a><\/h4>\n<h4><a href=\"https:\/\/inginerie.aero\/wp-content\/uploads\/2018\/09\/ProgRefaceriSep2018_v4.pdf\" target=\"_blank\" rel=\"noopener noreferrer\">Sesiunea de refaceri de toamn\u0103 2017-2018<\/a><\/h4>\n<h4><a href=\"https:\/\/inginerie.aero\/wp-content\/uploads\/2018\/05\/Sesiunea_iunie2018_v4.pdf\" target=\"_blank\" rel=\"noopener noreferrer\">Sesiunea de examene de var\u0103 2017-2018<\/a>\u00a0\u00a0<a href=\"https:\/\/inginerie.aero\/wp-content\/uploads\/2018\/05\/Programare_refaceri_mai2018_v3.pdf\" target=\"_blank\" rel=\"noopener noreferrer\">Sesiunea de refaceri pentru anii terminali<\/a><\/h4>\n<h4><a href=\"https:\/\/inginerie.aero\/wp-content\/uploads\/2018\/01\/Programare-examene-ianuarie-2018.pdf\" target=\"_blank\" rel=\"noopener noreferrer\">Sesiunea de examene de iarn\u0103 2017-2018<\/a><\/h4>\n<h4><a href=\"https:\/\/inginerie.aero\/wp-content\/uploads\/2017\/08\/Programare-examene-septembrie-2017v2.pdf\" target=\"_blank\" rel=\"noopener noreferrer\">Sesiunea de refaceri de toamn\u0103 2016-2017<\/a>\u00a0 \u00a0<a href=\"https:\/\/inginerie.aero\/wp-content\/uploads\/2017\/07\/Programare-examene-septembrie-GID-2017.pdf\" target=\"_blank\" rel=\"noopener noreferrer\">Sesiunea de refaceri Master GID 2016-2017<\/a><\/h4>\n<h4><a href=\"https:\/\/inginerie.aero\/wp-content\/uploads\/2017\/05\/Programare-examene-iunie-2017v4.pdf\" target=\"_blank\" rel=\"noopener noreferrer\">Sesiunea de examene de var\u0103 2016-2017<\/a> \u00a0\u00a0<a href=\"https:\/\/inginerie.aero\/wp-content\/uploads\/2017\/05\/ProgRestanteAniTeminali2017v6.pdf\" target=\"_blank\" rel=\"noopener noreferrer\">Sesiunea de refaceri pentru anii terminali<\/a><\/h4>\n<h4><a href=\"https:\/\/inginerie.aero\/wp-content\/uploads\/2017\/04\/ProgramareSesiuneIan2017.pdf\" target=\"_blank\" rel=\"noopener noreferrer\">Sesiunea de examene de iarn\u0103 2016-2017<\/a><\/h4>\n<p>&nbsp;<\/p>\n<p>&nbsp;<\/p>\n<p>[\/et_pb_text][\/et_pb_column][\/et_pb_row][\/et_pb_section]<\/p>\n","protected":false},"excerpt":{"rendered":"<p>Programarea examenelor &nbsp; &nbsp; Sesiuni anterioare Sesiunea de refaceri de toamn\u0103 2018-2019 Sesiunea de examene de var\u0103 2018-2019\u00a0 \u00a0Sesiunea de refaceri pentru anii terminali Sesiunea de examene \/ refaceri DGIDI de var\u0103 2018-2019 Sesiunea de examene de iarn\u0103 2018-2019 Sesiunea de refaceri de toamn\u0103 2017-2018 Sesiunea de examene de var\u0103 2017-2018\u00a0\u00a0Sesiunea de refaceri pentru anii [&hellip;]<\/p>\n","protected":false},"author":1,"featured_media":0,"parent":0,"menu_order":0,"comment_status":"closed","ping_status":"closed","template":"","meta":{"_et_pb_use_builder":"on","_et_pb_old_content":"<p>\u00a0<\/p><p>Programarea sesiunii de examene de iarn\u0103 2016-2017<a href=\"https:\/\/inginerie.aero\/wp-content\/uploads\/2017\/04\/ProgramareSesiuneIan2017.pdf\" target=\"_blank\"><img class=\"alignnone size-full wp-image-1498\" src=\"https:\/\/inginerie.aero\/wp-content\/uploads\/2017\/04\/download_icon2.png\" alt=\"\" width=\"51\" height=\"51\" \/><\/a><\/p>","_et_gb_content_width":"","jetpack_post_was_ever_published":false,"footnotes":"","_links_to":"","_links_to_target":""},"categories":[],"tags":[],"class_list":["post-1239","page","type-page","status-publish","hentry"],"yoast_head":"<!-- This site is optimized with the Yoast SEO plugin v24.3 - https:\/\/yoast.com\/wordpress\/plugins\/seo\/ -->\n<title>Sesiune de examene - Alumni Politehnica Aerospace Engineering<\/title>\n<meta name=\"robots\" content=\"index, follow, max-snippet:-1, max-image-preview:large, max-video-preview:-1\" \/>\n<link rel=\"canonical\" href=\"https:\/\/inginerie.aero\/index.php\/ro\/sesiune-de-examene\/\" \/>\n<meta property=\"og:locale\" content=\"ro_RO\" \/>\n<meta property=\"og:type\" content=\"article\" \/>\n<meta property=\"og:title\" content=\"Sesiune de examene - Alumni Politehnica Aerospace Engineering\" \/>\n<meta property=\"og:description\" content=\"Programarea examenelor &nbsp; &nbsp; Sesiuni anterioare Sesiunea de refaceri de toamn\u0103 2018-2019 Sesiunea de examene de var\u0103 2018-2019\u00a0 \u00a0Sesiunea de refaceri pentru anii terminali Sesiunea de examene \/ refaceri DGIDI de var\u0103 2018-2019 Sesiunea de examene de iarn\u0103 2018-2019 Sesiunea de refaceri de toamn\u0103 2017-2018 Sesiunea de examene de var\u0103 2017-2018\u00a0\u00a0Sesiunea de refaceri pentru anii [&hellip;]\" \/>\n<meta property=\"og:url\" content=\"https:\/\/inginerie.aero\/index.php\/ro\/sesiune-de-examene\/\" \/>\n<meta property=\"og:site_name\" content=\"Alumni Politehnica Aerospace Engineering\" \/>\n<meta property=\"article:publisher\" content=\"https:\/\/www.facebook.com\/groups\/InginerieAerospatiala\/\" \/>\n<meta property=\"article:modified_time\" content=\"2020-01-31T11:45:20+00:00\" \/>\n<meta property=\"og:image\" content=\"https:\/\/inginerie.aero\/wp-content\/uploads\/2017\/04\/15965395_349518682099823_1376724682915754394_n.jpg\" \/>\n<meta name=\"twitter:card\" content=\"summary_large_image\" \/>\n<meta name=\"twitter:label1\" content=\"Timp estimat pentru citire\" \/>\n\t<meta name=\"twitter:data1\" content=\"1 minut\" \/>\n<script type=\"application\/ld+json\" class=\"yoast-schema-graph\">{\"@context\":\"https:\/\/schema.org\",\"@graph\":[{\"@type\":\"WebPage\",\"@id\":\"https:\/\/inginerie.aero\/index.php\/ro\/sesiune-de-examene\/\",\"url\":\"https:\/\/inginerie.aero\/index.php\/ro\/sesiune-de-examene\/\",\"name\":\"Sesiune de examene - Alumni Politehnica Aerospace Engineering\",\"isPartOf\":{\"@id\":\"https:\/\/inginerie.aero\/#website\"},\"primaryImageOfPage\":{\"@id\":\"https:\/\/inginerie.aero\/index.php\/ro\/sesiune-de-examene\/#primaryimage\"},\"image\":{\"@id\":\"https:\/\/inginerie.aero\/index.php\/ro\/sesiune-de-examene\/#primaryimage\"},\"thumbnailUrl\":\"https:\/\/inginerie.aero\/wp-content\/uploads\/2017\/04\/15965395_349518682099823_1376724682915754394_n.jpg\",\"datePublished\":\"2017-04-22T12:19:38+00:00\",\"dateModified\":\"2020-01-31T11:45:20+00:00\",\"breadcrumb\":{\"@id\":\"https:\/\/inginerie.aero\/index.php\/ro\/sesiune-de-examene\/#breadcrumb\"},\"inLanguage\":\"ro-RO\",\"potentialAction\":[{\"@type\":\"ReadAction\",\"target\":[\"https:\/\/inginerie.aero\/index.php\/ro\/sesiune-de-examene\/\"]}]},{\"@type\":\"ImageObject\",\"inLanguage\":\"ro-RO\",\"@id\":\"https:\/\/inginerie.aero\/index.php\/ro\/sesiune-de-examene\/#primaryimage\",\"url\":\"https:\/\/inginerie.aero\/wp-content\/uploads\/2017\/04\/15965395_349518682099823_1376724682915754394_n.jpg\",\"contentUrl\":\"https:\/\/inginerie.aero\/wp-content\/uploads\/2017\/04\/15965395_349518682099823_1376724682915754394_n.jpg\",\"width\":640,\"height\":371},{\"@type\":\"BreadcrumbList\",\"@id\":\"https:\/\/inginerie.aero\/index.php\/ro\/sesiune-de-examene\/#breadcrumb\",\"itemListElement\":[{\"@type\":\"ListItem\",\"position\":1,\"name\":\"Acas\u0103\",\"item\":\"https:\/\/inginerie.aero\/index.php\/ro\/acasa\/\"},{\"@type\":\"ListItem\",\"position\":2,\"name\":\"Sesiune de examene\"}]},{\"@type\":\"WebSite\",\"@id\":\"https:\/\/inginerie.aero\/#website\",\"url\":\"https:\/\/inginerie.aero\/\",\"name\":\"Facultatea de Inginerie Aerospatiala\",\"description\":\"Site-ul Asociatiei de Alumni ai Facultatii de Inginerie Aerospatiala din cadrul Universitatii POLITEHNICA Bucuresti\",\"publisher\":{\"@id\":\"https:\/\/inginerie.aero\/#organization\"},\"potentialAction\":[{\"@type\":\"SearchAction\",\"target\":{\"@type\":\"EntryPoint\",\"urlTemplate\":\"https:\/\/inginerie.aero\/?s={search_term_string}\"},\"query-input\":{\"@type\":\"PropertyValueSpecification\",\"valueRequired\":true,\"valueName\":\"search_term_string\"}}],\"inLanguage\":\"ro-RO\"},{\"@type\":\"Organization\",\"@id\":\"https:\/\/inginerie.aero\/#organization\",\"name\":\"University Politehnica of Bucharest Faculty of Aerospace Engineering\",\"url\":\"https:\/\/inginerie.aero\/\",\"logo\":{\"@type\":\"ImageObject\",\"inLanguage\":\"ro-RO\",\"@id\":\"https:\/\/inginerie.aero\/#\/schema\/logo\/image\/\",\"url\":\"https:\/\/inginerie.aero\/wp-content\/uploads\/2017\/03\/sigla1.png\",\"contentUrl\":\"https:\/\/inginerie.aero\/wp-content\/uploads\/2017\/03\/sigla1.png\",\"width\":734,\"height\":735,\"caption\":\"University Politehnica of Bucharest Faculty of Aerospace Engineering\"},\"image\":{\"@id\":\"https:\/\/inginerie.aero\/#\/schema\/logo\/image\/\"},\"sameAs\":[\"https:\/\/www.facebook.com\/groups\/InginerieAerospatiala\/\"]}]}<\/script>\n<!-- \/ Yoast SEO plugin. -->","yoast_head_json":{"title":"Sesiune de examene - Alumni Politehnica Aerospace Engineering","robots":{"index":"index","follow":"follow","max-snippet":"max-snippet:-1","max-image-preview":"max-image-preview:large","max-video-preview":"max-video-preview:-1"},"canonical":"https:\/\/inginerie.aero\/index.php\/ro\/sesiune-de-examene\/","og_locale":"ro_RO","og_type":"article","og_title":"Sesiune de examene - Alumni Politehnica Aerospace Engineering","og_description":"Programarea examenelor &nbsp; &nbsp; Sesiuni anterioare Sesiunea de refaceri de toamn\u0103 2018-2019 Sesiunea de examene de var\u0103 2018-2019\u00a0 \u00a0Sesiunea de refaceri pentru anii terminali Sesiunea de examene \/ refaceri DGIDI de var\u0103 2018-2019 Sesiunea de examene de iarn\u0103 2018-2019 Sesiunea de refaceri de toamn\u0103 2017-2018 Sesiunea de examene de var\u0103 2017-2018\u00a0\u00a0Sesiunea de refaceri pentru anii [&hellip;]","og_url":"https:\/\/inginerie.aero\/index.php\/ro\/sesiune-de-examene\/","og_site_name":"Alumni Politehnica Aerospace Engineering","article_publisher":"https:\/\/www.facebook.com\/groups\/InginerieAerospatiala\/","article_modified_time":"2020-01-31T11:45:20+00:00","og_image":[{"url":"https:\/\/inginerie.aero\/wp-content\/uploads\/2017\/04\/15965395_349518682099823_1376724682915754394_n.jpg","type":"","width":"","height":""}],"twitter_card":"summary_large_image","twitter_misc":{"Timp estimat pentru citire":"1 minut"},"schema":{"@context":"https:\/\/schema.org","@graph":[{"@type":"WebPage","@id":"https:\/\/inginerie.aero\/index.php\/ro\/sesiune-de-examene\/","url":"https:\/\/inginerie.aero\/index.php\/ro\/sesiune-de-examene\/","name":"Sesiune de examene - Alumni Politehnica Aerospace Engineering","isPartOf":{"@id":"https:\/\/inginerie.aero\/#website"},"primaryImageOfPage":{"@id":"https:\/\/inginerie.aero\/index.php\/ro\/sesiune-de-examene\/#primaryimage"},"image":{"@id":"https:\/\/inginerie.aero\/index.php\/ro\/sesiune-de-examene\/#primaryimage"},"thumbnailUrl":"https:\/\/inginerie.aero\/wp-content\/uploads\/2017\/04\/15965395_349518682099823_1376724682915754394_n.jpg","datePublished":"2017-04-22T12:19:38+00:00","dateModified":"2020-01-31T11:45:20+00:00","breadcrumb":{"@id":"https:\/\/inginerie.aero\/index.php\/ro\/sesiune-de-examene\/#breadcrumb"},"inLanguage":"ro-RO","potentialAction":[{"@type":"ReadAction","target":["https:\/\/inginerie.aero\/index.php\/ro\/sesiune-de-examene\/"]}]},{"@type":"ImageObject","inLanguage":"ro-RO","@id":"https:\/\/inginerie.aero\/index.php\/ro\/sesiune-de-examene\/#primaryimage","url":"https:\/\/inginerie.aero\/wp-content\/uploads\/2017\/04\/15965395_349518682099823_1376724682915754394_n.jpg","contentUrl":"https:\/\/inginerie.aero\/wp-content\/uploads\/2017\/04\/15965395_349518682099823_1376724682915754394_n.jpg","width":640,"height":371},{"@type":"BreadcrumbList","@id":"https:\/\/inginerie.aero\/index.php\/ro\/sesiune-de-examene\/#breadcrumb","itemListElement":[{"@type":"ListItem","position":1,"name":"Acas\u0103","item":"https:\/\/inginerie.aero\/index.php\/ro\/acasa\/"},{"@type":"ListItem","position":2,"name":"Sesiune de examene"}]},{"@type":"WebSite","@id":"https:\/\/inginerie.aero\/#website","url":"https:\/\/inginerie.aero\/","name":"Facultatea de Inginerie Aerospatiala","description":"Site-ul Asociatiei de Alumni ai Facultatii de Inginerie Aerospatiala din cadrul Universitatii POLITEHNICA Bucuresti","publisher":{"@id":"https:\/\/inginerie.aero\/#organization"},"potentialAction":[{"@type":"SearchAction","target":{"@type":"EntryPoint","urlTemplate":"https:\/\/inginerie.aero\/?s={search_term_string}"},"query-input":{"@type":"PropertyValueSpecification","valueRequired":true,"valueName":"search_term_string"}}],"inLanguage":"ro-RO"},{"@type":"Organization","@id":"https:\/\/inginerie.aero\/#organization","name":"University Politehnica of Bucharest Faculty of Aerospace Engineering","url":"https:\/\/inginerie.aero\/","logo":{"@type":"ImageObject","inLanguage":"ro-RO","@id":"https:\/\/inginerie.aero\/#\/schema\/logo\/image\/","url":"https:\/\/inginerie.aero\/wp-content\/uploads\/2017\/03\/sigla1.png","contentUrl":"https:\/\/inginerie.aero\/wp-content\/uploads\/2017\/03\/sigla1.png","width":734,"height":735,"caption":"University Politehnica of Bucharest Faculty of Aerospace Engineering"},"image":{"@id":"https:\/\/inginerie.aero\/#\/schema\/logo\/image\/"},"sameAs":["https:\/\/www.facebook.com\/groups\/InginerieAerospatiala\/"]}]}},"jetpack_sharing_enabled":true,"jetpack_shortlink":"https:\/\/wp.me\/Pbbi8l-jZ","_links":{"self":[{"href":"https:\/\/inginerie.aero\/index.php\/wp-json\/wp\/v2\/pages\/1239","targetHints":{"allow":["GET"]}}],"collection":[{"href":"https:\/\/inginerie.aero\/index.php\/wp-json\/wp\/v2\/pages"}],"about":[{"href":"https:\/\/inginerie.aero\/index.php\/wp-json\/wp\/v2\/types\/page"}],"author":[{"embeddable":true,"href":"https:\/\/inginerie.aero\/index.php\/wp-json\/wp\/v2\/users\/1"}],"replies":[{"embeddable":true,"href":"https:\/\/inginerie.aero\/index.php\/wp-json\/wp\/v2\/comments?post=1239"}],"version-history":[{"count":41,"href":"https:\/\/inginerie.aero\/index.php\/wp-json\/wp\/v2\/pages\/1239\/revisions"}],"predecessor-version":[{"id":24063,"href":"https:\/\/inginerie.aero\/index.php\/wp-json\/wp\/v2\/pages\/1239\/revisions\/24063"}],"wp:attachment":[{"href":"https:\/\/inginerie.aero\/index.php\/wp-json\/wp\/v2\/media?parent=1239"}],"wp:term":[{"taxonomy":"category","embeddable":true,"href":"https:\/\/inginerie.aero\/index.php\/wp-json\/wp\/v2\/categories?post=1239"},{"taxonomy":"post_tag","embeddable":true,"href":"https:\/\/inginerie.aero\/index.php\/wp-json\/wp\/v2\/tags?post=1239"}],"curies":[{"name":"wp","href":"https:\/\/api.w.org\/{rel}","templated":true}]}}