{"id":1255,"date":"2017-04-22T15:35:01","date_gmt":"2017-04-22T12:35:01","guid":{"rendered":"https:\/\/inginerie.aero\/?page_id=1255"},"modified":"2017-05-03T19:45:14","modified_gmt":"2017-05-03T16:45:14","slug":"parteneri-industriali","status":"publish","type":"page","link":"https:\/\/inginerie.aero\/index.php\/ro\/parteneri-industriali\/","title":{"rendered":"Parteneri"},"content":{"rendered":"<p>[et_pb_section admin_label=&#8221;Section&#8221; fullwidth=&#8221;on&#8221; specialty=&#8221;off&#8221; transparent_background=&#8221;off&#8221; allow_player_pause=&#8221;off&#8221; inner_shadow=&#8221;off&#8221; parallax=&#8221;off&#8221; parallax_method=&#8221;off&#8221; padding_mobile=&#8221;off&#8221; make_fullwidth=&#8221;off&#8221; use_custom_width=&#8221;off&#8221; width_unit=&#8221;on&#8221; make_equal=&#8221;off&#8221; use_custom_gutter=&#8221;off&#8221; background_color=&#8221;rgba(23,23,23,0.6)&#8221;][et_pb_fullwidth_post_title admin_label=&#8221;Fullwidth Post Title&#8221; title=&#8221;on&#8221; meta=&#8221;off&#8221; author=&#8221;off&#8221; date=&#8221;off&#8221; categories=&#8221;off&#8221; comments=&#8221;off&#8221; featured_image=&#8221;off&#8221; featured_placement=&#8221;below&#8221; parallax_effect=&#8221;on&#8221; parallax_method=&#8221;on&#8221; text_orientation=&#8221;left&#8221; text_color=&#8221;dark&#8221; text_background=&#8221;off&#8221; text_bg_color=&#8221;rgba(255,255,255,0.9)&#8221; module_bg_color=&#8221;#e3e3e3&#8243; title_all_caps=&#8221;off&#8221; use_border_color=&#8221;off&#8221; border_color=&#8221;#ffffff&#8221; border_style=&#8221;solid&#8221;] [\/et_pb_fullwidth_post_title][\/et_pb_section][et_pb_section admin_label=&#8221;Section&#8221; transparent_background=&#8221;off&#8221; allow_player_pause=&#8221;off&#8221; inner_shadow=&#8221;off&#8221; parallax=&#8221;off&#8221; parallax_method=&#8221;on&#8221; padding_mobile=&#8221;off&#8221; make_fullwidth=&#8221;off&#8221; use_custom_width=&#8221;off&#8221; width_unit=&#8221;off&#8221; custom_width_px=&#8221;1080px&#8221; custom_width_percent=&#8221;80%&#8221; make_equal=&#8221;off&#8221; use_custom_gutter=&#8221;off&#8221; fullwidth=&#8221;off&#8221; specialty=&#8221;on&#8221; disabled=&#8221;off&#8221;][et_pb_column type=&#8221;3_4&#8243; specialty_columns=&#8221;3&#8243;][et_pb_row_inner admin_label=&#8221;Row&#8221; padding_mobile=&#8221;off&#8221; use_custom_gutter=&#8221;off&#8221; make_equal=&#8221;off&#8221; column_padding_mobile=&#8221;off&#8221; parallax_1=&#8221;off&#8221; parallax_method_1=&#8221;on&#8221; parallax_2=&#8221;off&#8221; parallax_method_2=&#8221;on&#8221; parallax_3=&#8221;off&#8221; parallax_method_3=&#8221;on&#8221; disabled=&#8221;off&#8221;][et_pb_column_inner type=&#8221;4_4&#8243; saved_specialty_column_type=&#8221;3_4&#8243;][et_pb_text admin_label=&#8221;Text&#8221; background_layout=&#8221;light&#8221; text_orientation=&#8221;left&#8221; use_border_color=&#8221;off&#8221; border_color=&#8221;#ffffff&#8221; border_style=&#8221;solid&#8221;]<\/p>\n<p>Cel mai mare capital al unei companii sunt oamenii. Facultatea de Inginerie Aerospa\u021bial\u0103 este principalul furnizor de capital uman al multor companii din industria aeronautica \u0219i spa\u021bial\u0103 rom\u00e2neasc\u0103 \u0219i nu numai. Recunosc\u00e2nd importan\u021ba leg\u0103turii cu industria, facultatea este activ\u0103 \u00een a str\u00e2nge leg\u0103turile cu viitorii s\u0103i beneficiari, \u00een primul r\u00e2nd prin prestigiosul corp de alumni.<\/p>\n<p>&nbsp;<\/p>\n<p>[\/et_pb_text][et_pb_text admin_label=&#8221;Hotmap&#8221; background_layout=&#8221;light&#8221; text_orientation=&#8221;left&#8221; use_border_color=&#8221;off&#8221; border_color=&#8221;#ffffff&#8221; border_style=&#8221;solid&#8221;] \n<style>\n\t#hotspot-1726 .hotspots-image-container,\n\t#hotspot-1726 .leaflet-container {\n\t\tbackground: #ffffff\t}\n\n\t#hotspot-1726 .hotspots-placeholder {\n\t\tbackground: #ffffff;\n\t\tborder: 0 #ffffff solid;\n\t\tcolor: #0a0059;\n\t}\n\n\t#hotspot-1726 .hotspot-title {\n\t\tcolor: #ffffff;\n\t}\n\n\t\t\t#hotspot-1726 .hotspot-default {\n\t\t\tstroke-width: 2;\n\t\t\tfill: #ffffff;\n\t\t\tfill-opacity: 0;\n\t\t\tstroke: #ffffff;\n\t\t\tstroke-opacity: 0;\n\t\t}\n\t\t#hotspot-1726 .hotspot-default:hover,\n\t\t#hotspot-1726 .hotspot-default:focus-visible,\n\t\t#hotspot-1726 .hotspot-default.hotspot-active {\n\t\t\tfill: #3CA2A2;\n\t\t\tfill-opacity: 0.71;\n\t\t\tstroke: #00525b;\n\t\t\tstroke-opacity: 1.01;\n\t\t}\n\t\t#hotspot-1726 .leaflet-tooltip,\n\t#hotspot-1726 .leaflet-rrose-content-wrapper {\n\t\tbackground: #ffffff;\n\t\tborder-color: #ffffff;\n\t\tcolor: #0a0059;\n\t}\n\n\t#hotspot-1726 a.leaflet-rrose-close-button {\n\t\tcolor: #ffffff;\n\t}\n\n\t#hotspot-1726 .leaflet-rrose-tip {\n\t\tbackground: #ffffff;\n\t}\n\n\t#hotspot-1726 .leaflet-popup-scrolled {\n\t\tborder-bottom-color: #0a0059;\n\t\tborder-top-color: #0a0059;\n\t}\n\n\t#hotspot-1726 .leaflet-tooltip-top:before {\n\t\tborder-top-color: #ffffff;\n\t}\n\n\t#hotspot-1726 .leaflet-tooltip-bottom:before {\n\t\tborder-bottom-color: #ffffff;\n\t}\n\t#hotspot-1726 .leaflet-tooltip-left:before {\n\t\tborder-left-color: #ffffff;\n\t}\n\t#hotspot-1726 .leaflet-tooltip-right:before {\n\t\tborder-right-color: #ffffff;\n\t}\n<\/style>\n\n\t\n\t<div class=\"hotspots-container links-only layout-left event-click\" id=\"hotspot-1726\" data-layout=\"left\" data-trigger=\"click\">\n\t\t<div class=\"hotspots-interaction\">\n\t\t\t<div class=\"hotspots-image-container\">\n\t<img\n\t\twidth=\"800\"\n\t\theight=\"893\"\n\t\tsrc=\"https:\/\/inginerie.aero\/wp-content\/uploads\/2017\/04\/parteneri-1.jpg\"\n\t\talt=\"Harta interactiva\"\n\t\tclass=\"hotspots-image skip-lazy\"\n\t\tusemap=\"#hotspots-image-1726\"\n\t\tdata-image-title=\"Harta interactiva\"\n\t\tdata-image-description=\"Se spune ca cel mai mare capital al unei companii sunt oamenii. FIA este principalul furnizor de capital uman al multor companii din industria aeronautica. Recunosc\u00e2nd importan\u021ba leg\u0103turii cu industria facultatea duce o politica activa de colaborare cu viitorii s\u0103i beneficiari.\"\n\t\tdata-event-trigger=\"click\"\n\t\tdata-always-visible=\"false\"\n\t\tdata-id=\"1726\"\n\t\tdata-no-lazy=\"1\"\n\t\tdata-lazy-src=\"\"\n\t\tdata-lazy=\"false\"\n\t\tloading=\"eager\"\n\t\tdata-skip-lazy=\"1\"\n\t\t>\n<\/div>\t\t<\/div>\n\t\t<map name=\"hotspots-image-1726\" class=\"hotspots-map\">\n\t\t\t\t\t\t\t\t\t\t\t<area\n\t\t\t\t\tshape=\"polygon\"\n\t\t\t\t\tcoords=\"422,58,422,38,220,40,221,77,423,76\"\n\t\t\t\t\thref=\"http:\/\/www.bucharestairports.ro\/\"\n\t\t\t\t\trel=\"\"\n\t\t\t\t\ttitle=\"Aeroporturi Bucuresti\"\n\t\t\t\t\talt=\"Aeroporturi Bucuresti\"\n\t\t\t\t\tdata-action=\"url\"\n\t\t\t\t\tdata-color-scheme=\"\"\n\t\t\t\t\ttarget=\"_new\"\n\t\t\t\t\tclass=\"url-area\"\n\t\t\t\t\t>\n\t\t\t\t\t\t\t\t\t\t\t<area\n\t\t\t\t\tshape=\"polygon\"\n\t\t\t\t\tcoords=\"430,78,431,136,531,137,530,79\"\n\t\t\t\t\thref=\"http:\/\/www.gmv.com\/en\/\"\n\t\t\t\t\trel=\"\"\n\t\t\t\t\ttitle=\"GMV\"\n\t\t\t\t\talt=\"GMV\"\n\t\t\t\t\tdata-action=\"url\"\n\t\t\t\t\tdata-color-scheme=\"\"\n\t\t\t\t\ttarget=\"_new\"\n\t\t\t\t\tclass=\"url-area\"\n\t\t\t\t\t>\n\t\t\t\t\t\t\t\t\t\t\t<area\n\t\t\t\t\tshape=\"polygon\"\n\t\t\t\t\tcoords=\"592,25,596,128,778,130,772,26\"\n\t\t\t\t\thref=\"http:\/\/www.romatsa.ro\/ro\"\n\t\t\t\t\trel=\"\"\n\t\t\t\t\ttitle=\"Romatsa\"\n\t\t\t\t\talt=\"Romatsa\"\n\t\t\t\t\tdata-action=\"url\"\n\t\t\t\t\tdata-color-scheme=\"\"\n\t\t\t\t\ttarget=\"_new\"\n\t\t\t\t\tclass=\"url-area\"\n\t\t\t\t\t>\n\t\t\t\t\t\t\t\t\t\t\t<area\n\t\t\t\t\tshape=\"polygon\"\n\t\t\t\t\tcoords=\"56,31,55,137,158,136,158,31\"\n\t\t\t\t\thref=\"http:\/\/www.aviationacademy.ro\/\"\n\t\t\t\t\trel=\"\"\n\t\t\t\t\ttitle=\"Scoala superioara de Aviatie Civila\"\n\t\t\t\t\talt=\"Scoala superioara de Aviatie Civila\"\n\t\t\t\t\tdata-action=\"url\"\n\t\t\t\t\tdata-color-scheme=\"\"\n\t\t\t\t\ttarget=\"_new\"\n\t\t\t\t\tclass=\"url-area\"\n\t\t\t\t\t>\n\t\t\t\t\t\t\t\t\t\t\t<area\n\t\t\t\t\tshape=\"polygon\"\n\t\t\t\t\tcoords=\"206,134,195,170,404,188,381,118\"\n\t\t\t\t\thref=\"http:\/\/www.regional-air.ro\/application\/RO\/ACASA\"\n\t\t\t\t\trel=\"\"\n\t\t\t\t\ttitle=\"Regional Air Services\"\n\t\t\t\t\talt=\"Regional Air Services\"\n\t\t\t\t\tdata-action=\"url\"\n\t\t\t\t\tdata-color-scheme=\"\"\n\t\t\t\t\ttarget=\"\"\n\t\t\t\t\tclass=\"url-area\"\n\t\t\t\t\t>\n\t\t\t\t\t\t\t\t\t\t\t<area\n\t\t\t\t\tshape=\"polygon\"\n\t\t\t\t\tcoords=\"438,159,410,204,438,244,795,239,796,155\"\n\t\t\t\t\thref=\"https:\/\/www.lufthansa-technik.com\/home\"\n\t\t\t\t\trel=\"\"\n\t\t\t\t\ttitle=\"Lufthansa Technick\"\n\t\t\t\t\talt=\"Lufthansa Technick\"\n\t\t\t\t\tdata-action=\"url\"\n\t\t\t\t\tdata-color-scheme=\"\"\n\t\t\t\t\ttarget=\"\"\n\t\t\t\t\tclass=\"url-area\"\n\t\t\t\t\t>\n\t\t\t\t\t\t\t\t\t\t\t<area\n\t\t\t\t\tshape=\"polygon\"\n\t\t\t\t\tcoords=\"202,267,245,243,250,199,332,222,395,210,402,270,365,282,349,284,290,277,254,299,245,267\"\n\t\t\t\t\thref=\"http:\/\/www.nats.aero\/\"\n\t\t\t\t\trel=\"\"\n\t\t\t\t\ttitle=\"NATS\"\n\t\t\t\t\talt=\"NATS\"\n\t\t\t\t\tdata-action=\"url\"\n\t\t\t\t\tdata-color-scheme=\"\"\n\t\t\t\t\ttarget=\"\"\n\t\t\t\t\tclass=\"url-area\"\n\t\t\t\t\t>\n\t\t\t\t\t\t\t\t\t\t\t<area\n\t\t\t\t\tshape=\"polygon\"\n\t\t\t\t\tcoords=\"277,318,248,312,253,358,270,362,257,392,332,402,355,362,500,355,507,290,472,295,305,302\"\n\t\t\t\t\thref=\"http:\/\/www.aerostar.ro\/\"\n\t\t\t\t\trel=\"\"\n\t\t\t\t\ttitle=\"Aerostar SA\"\n\t\t\t\t\talt=\"Aerostar SA\"\n\t\t\t\t\tdata-action=\"url\"\n\t\t\t\t\tdata-color-scheme=\"\"\n\t\t\t\t\ttarget=\"\"\n\t\t\t\t\tclass=\"url-area\"\n\t\t\t\t\t>\n\t\t\t\t\t\t\t\t\t\t\t<area\n\t\t\t\t\tshape=\"polygon\"\n\t\t\t\t\tcoords=\"536,390,534,349,571,347,577,315,604,275,660,251,720,281,740,310,751,352,789,351,794,390\"\n\t\t\t\t\thref=\"http:\/\/www.caa.ro\/\"\n\t\t\t\t\trel=\"\"\n\t\t\t\t\ttitle=\"Autoritatea Aeronautic\u0103 Civil\u0103 Rom\u00e2n\u0103\"\n\t\t\t\t\talt=\"Autoritatea Aeronautic\u0103 Civil\u0103 Rom\u00e2n\u0103\"\n\t\t\t\t\tdata-action=\"url\"\n\t\t\t\t\tdata-color-scheme=\"\"\n\t\t\t\t\ttarget=\"\"\n\t\t\t\t\tclass=\"url-area\"\n\t\t\t\t\t>\n\t\t\t\t\t\t\t\t\t\t\t<area\n\t\t\t\t\tshape=\"polygon\"\n\t\t\t\t\tcoords=\"62,443,96,440,138,447,156,427,193,426,196,406,201,391,216,374,218,347,228,329,213,314,206,320,195,328,182,331,175,338,158,347,124,353,106,368,68,375,58,400,45,407\"\n\t\t\t\t\thref=\"https:\/\/www.blueairweb.com\/\"\n\t\t\t\t\trel=\"\"\n\t\t\t\t\ttitle=\"Blue Air\"\n\t\t\t\t\talt=\"Blue Air\"\n\t\t\t\t\tdata-action=\"url\"\n\t\t\t\t\tdata-color-scheme=\"\"\n\t\t\t\t\ttarget=\"\"\n\t\t\t\t\tclass=\"url-area\"\n\t\t\t\t\t>\n\t\t\t\t\t\t\t\t\t\t\t<area\n\t\t\t\t\tshape=\"polygon\"\n\t\t\t\t\tcoords=\"261,440,283,423,315,415,342,416,367,426,382,446,385,470,380,499,352,513,323,515,293,508,270,499,253,480,252,457\"\n\t\t\t\t\thref=\"http:\/\/www.aloftaviationconsulting.com\/\"\n\t\t\t\t\trel=\"\"\n\t\t\t\t\ttitle=\"Aloft Consulting\"\n\t\t\t\t\talt=\"Aloft Consulting\"\n\t\t\t\t\tdata-action=\"url\"\n\t\t\t\t\tdata-color-scheme=\"\"\n\t\t\t\t\ttarget=\"\"\n\t\t\t\t\tclass=\"url-area\"\n\t\t\t\t\t>\n\t\t\t\t\t\t\t\t\t\t\t<area\n\t\t\t\t\tshape=\"polygon\"\n\t\t\t\t\tcoords=\"57,472,45,495,39,522,43,547,56,565,72,577,95,585,127,587,149,581,167,568,178,544,184,521,179,492,170,470,145,454,115,447,87,448,70,458\"\n\t\t\t\t\thref=\"http:\/\/www.rosa.ro\/index.php\/ro\/\"\n\t\t\t\t\trel=\"\"\n\t\t\t\t\ttitle=\"Agentia Spa\u021bial\u0103 Rom\u00e2n\u0103\"\n\t\t\t\t\talt=\"Agentia Spa\u021bial\u0103 Rom\u00e2n\u0103\"\n\t\t\t\t\tdata-action=\"url\"\n\t\t\t\t\tdata-color-scheme=\"\"\n\t\t\t\t\ttarget=\"\"\n\t\t\t\t\tclass=\"url-area\"\n\t\t\t\t\t>\n\t\t\t\t\t\t\t\t\t\t\t<area\n\t\t\t\t\tshape=\"polygon\"\n\t\t\t\t\tcoords=\"382,586,268,587,255,599,236,608,210,609,190,598,183,586,185,565,190,545,205,529,235,523,261,540,381,540\"\n\t\t\t\t\thref=\"http:\/\/www.indracompany.com\/en\"\n\t\t\t\t\trel=\"\"\n\t\t\t\t\ttitle=\"INDRA\"\n\t\t\t\t\talt=\"INDRA\"\n\t\t\t\t\tdata-action=\"url\"\n\t\t\t\t\tdata-color-scheme=\"\"\n\t\t\t\t\ttarget=\"\"\n\t\t\t\t\tclass=\"url-area\"\n\t\t\t\t\t>\n\t\t\t\t\t\t\t\t\t\t\t<area\n\t\t\t\t\tshape=\"polygon\"\n\t\t\t\t\tcoords=\"452,571,571,573,614,413,471,426,441,477\"\n\t\t\t\t\thref=\"http:\/\/www.eurocontrol.int\/\"\n\t\t\t\t\trel=\"\"\n\t\t\t\t\ttitle=\"Eurocontrol\"\n\t\t\t\t\talt=\"Eurocontrol\"\n\t\t\t\t\tdata-action=\"url\"\n\t\t\t\t\tdata-color-scheme=\"\"\n\t\t\t\t\ttarget=\"\"\n\t\t\t\t\tclass=\"url-area\"\n\t\t\t\t\t>\n\t\t\t\t\t\t\t\t\t\t\t<area\n\t\t\t\t\tshape=\"polygon\"\n\t\t\t\t\tcoords=\"609,485,663,418,751,429,792,468,781,517,702,519,645,513\"\n\t\t\t\t\thref=\"http:\/\/www.iar.ro\/ro\/\"\n\t\t\t\t\trel=\"\"\n\t\t\t\t\ttitle=\"IAR Bra\u0219ov\"\n\t\t\t\t\talt=\"IAR Bra\u0219ov\"\n\t\t\t\t\tdata-action=\"url\"\n\t\t\t\t\tdata-color-scheme=\"\"\n\t\t\t\t\ttarget=\"\"\n\t\t\t\t\tclass=\"url-area\"\n\t\t\t\t\t>\n\t\t\t\t\t\t\t\t\t\t\t<area\n\t\t\t\t\tshape=\"polygon\"\n\t\t\t\t\tcoords=\"593,623,595,543,691,522,739,575,726,629,652,645\"\n\t\t\t\t\thref=\"http:\/\/www.fokker.com\/Aerostructures_Engineering_Romania\"\n\t\t\t\t\trel=\"\"\n\t\t\t\t\ttitle=\"Fokker\"\n\t\t\t\t\talt=\"Fokker\"\n\t\t\t\t\tdata-action=\"url\"\n\t\t\t\t\tdata-color-scheme=\"\"\n\t\t\t\t\ttarget=\"\"\n\t\t\t\t\tclass=\"url-area\"\n\t\t\t\t\t>\n\t\t\t\t\t\t\t\t\t\t\t<area\n\t\t\t\t\tshape=\"polygon\"\n\t\t\t\t\tcoords=\"286,743,73,740,77,636,285,651\"\n\t\t\t\t\thref=\"http:\/\/www.tarom.ro\/\"\n\t\t\t\t\trel=\"\"\n\t\t\t\t\ttitle=\"Tarom\"\n\t\t\t\t\talt=\"Tarom\"\n\t\t\t\t\tdata-action=\"url\"\n\t\t\t\t\tdata-color-scheme=\"\"\n\t\t\t\t\ttarget=\"\"\n\t\t\t\t\tclass=\"url-area\"\n\t\t\t\t\t>\n\t\t\t\t\t\t\t\t\t\t\t<area\n\t\t\t\t\tshape=\"polygon\"\n\t\t\t\t\tcoords=\"350,635,350,720,478,719,478,635\"\n\t\t\t\t\thref=\"http:\/\/www.romaero.com\/\"\n\t\t\t\t\trel=\"\"\n\t\t\t\t\ttitle=\"Romaero SA\"\n\t\t\t\t\talt=\"Romaero SA\"\n\t\t\t\t\tdata-action=\"url\"\n\t\t\t\t\tdata-color-scheme=\"\"\n\t\t\t\t\ttarget=\"\"\n\t\t\t\t\tclass=\"url-area\"\n\t\t\t\t\t>\n\t\t\t\t\t\t\t\t\t\t\t<area\n\t\t\t\t\tshape=\"polygon\"\n\t\t\t\t\tcoords=\"516,767,537,681,637,703,777,672,739,766,630,787\"\n\t\t\t\t\thref=\"http:\/\/www.incas.ro\/\"\n\t\t\t\t\trel=\"\"\n\t\t\t\t\ttitle=\"National Institute for Aerospace Research Elie Carafoli\"\n\t\t\t\t\talt=\"National Institute for Aerospace Research Elie Carafoli\"\n\t\t\t\t\tdata-action=\"url\"\n\t\t\t\t\tdata-color-scheme=\"\"\n\t\t\t\t\ttarget=\"\"\n\t\t\t\t\tclass=\"url-area\"\n\t\t\t\t\t>\n\t\t\t\t\t\t\t\t\t\t\t<area\n\t\t\t\t\tshape=\"polygon\"\n\t\t\t\t\tcoords=\"571,879,540,800,793,801,786,879,658,869\"\n\t\t\t\t\thref=\"http:\/\/www.comoti.ro\/ro\/\"\n\t\t\t\t\trel=\"\"\n\t\t\t\t\ttitle=\"COMOTI\"\n\t\t\t\t\talt=\"COMOTI\"\n\t\t\t\t\tdata-action=\"url\"\n\t\t\t\t\tdata-color-scheme=\"\"\n\t\t\t\t\ttarget=\"\"\n\t\t\t\t\tclass=\"url-area\"\n\t\t\t\t\t>\n\t\t\t\t\t\t\t\t\t\t\t<area\n\t\t\t\t\tshape=\"polygon\"\n\t\t\t\t\tcoords=\"74,180,152,182,155,317,74,318\"\n\t\t\t\t\thref=\"https:\/\/www.altenromania.ro\"\n\t\t\t\t\trel=\"\"\n\t\t\t\t\ttitle=\"ALTEN\"\n\t\t\t\t\talt=\"ALTEN\"\n\t\t\t\t\tdata-action=\"url\"\n\t\t\t\t\tdata-color-scheme=\"\"\n\t\t\t\t\ttarget=\"_new\"\n\t\t\t\t\tclass=\"url-area\"\n\t\t\t\t\t>\n\t\t\t\t\t<\/map>\n\n\t\t\n\t\t\t\t\t\t\t\t\t\t\t\t\t\t\t\t\t\t\t\t\t\t\t\t\t\t\t\t\t\t\t\t\t\t\t\t\t\t\t\t\t\t\t\t\t\t\t\t\t\t\t\t\t\t\t\t\t\t\t\t\t\t\t\t\t\t<\/div>\n\n [\/et_pb_text][\/et_pb_column_inner][\/et_pb_row_inner][et_pb_row_inner admin_label=&#8221;Row&#8221;][et_pb_column_inner type=&#8221;4_4&#8243; saved_specialty_column_type=&#8221;3_4&#8243;][et_pb_blog admin_label=&#8221;Blog&#8221; fullwidth=&#8221;off&#8221; include_categories=&#8221;114&#8243; show_thumbnail=&#8221;on&#8221; show_content=&#8221;off&#8221; show_more=&#8221;off&#8221; show_author=&#8221;on&#8221; show_date=&#8221;on&#8221; show_categories=&#8221;on&#8221; show_comments=&#8221;on&#8221; show_pagination=&#8221;on&#8221; offset_number=&#8221;0&#8243; use_overlay=&#8221;off&#8221; background_layout=&#8221;light&#8221; use_dropshadow=&#8221;off&#8221; use_border_color=&#8221;off&#8221; border_color=&#8221;#ffffff&#8221; border_style=&#8221;solid&#8221; posts_number=&#8221;25&#8243;] [\/et_pb_blog][\/et_pb_column_inner][\/et_pb_row_inner][\/et_pb_column][et_pb_column type=&#8221;1_4&#8243;][et_pb_text admin_label=&#8221;Text&#8221; background_layout=&#8221;light&#8221; text_orientation=&#8221;left&#8221; header_font_size=&#8221;49px&#8221; use_border_color=&#8221;off&#8221; border_style=&#8221;solid&#8221; disabled=&#8221;off&#8221;]<\/p>\n<p>Anunturi<\/p>\n<p>[\/et_pb_text][et_pb_divider admin_label=&#8221;Divider&#8221; color=&#8221;#bfbfbf&#8221; divider_style=&#8221;solid&#8221; divider_position=&#8221;top&#8221; divider_weight=&#8221;1px&#8221; hide_on_mobile=&#8221;on&#8221; disabled=&#8221;off&#8221;] [\/et_pb_divider][et_pb_blog admin_label=&#8221;Blog&#8221; fullwidth=&#8221;off&#8221; include_categories=&#8221;11&#8243; show_thumbnail=&#8221;off&#8221; show_content=&#8221;off&#8221; show_more=&#8221;on&#8221; show_author=&#8221;on&#8221; show_date=&#8221;on&#8221; show_categories=&#8221;off&#8221; show_comments=&#8221;off&#8221; show_pagination=&#8221;off&#8221; offset_number=&#8221;0&#8243; use_overlay=&#8221;off&#8221; background_layout=&#8221;light&#8221; use_dropshadow=&#8221;on&#8221; use_border_color=&#8221;off&#8221; border_color=&#8221;#ffffff&#8221; border_style=&#8221;solid&#8221; disabled=&#8221;off&#8221;] [\/et_pb_blog][\/et_pb_column][\/et_pb_section]<\/p>\n","protected":false},"excerpt":{"rendered":"<p>Cel mai mare capital al unei companii sunt oamenii. Facultatea de Inginerie Aerospa\u021bial\u0103 este principalul furnizor de capital uman al multor companii din industria aeronautica \u0219i spa\u021bial\u0103 rom\u00e2neasc\u0103 \u0219i nu numai. Recunosc\u00e2nd importan\u021ba leg\u0103turii cu industria, facultatea este activ\u0103 \u00een a str\u00e2nge leg\u0103turile cu viitorii s\u0103i beneficiari, \u00een primul r\u00e2nd prin prestigiosul corp de alumni. [&hellip;]<\/p>\n","protected":false},"author":1,"featured_media":0,"parent":0,"menu_order":0,"comment_status":"closed","ping_status":"closed","template":"","meta":{"_et_pb_use_builder":"on","_et_pb_old_content":"<p>Parteneri Industriali<\/p>","_et_gb_content_width":"","jetpack_post_was_ever_published":false,"footnotes":"","_links_to":"","_links_to_target":""},"categories":[],"tags":[],"class_list":["post-1255","page","type-page","status-publish","hentry"],"yoast_head":"<!-- This site is optimized with the Yoast SEO plugin v24.3 - https:\/\/yoast.com\/wordpress\/plugins\/seo\/ -->\n<title>Parteneri - Alumni Politehnica Aerospace Engineering<\/title>\n<meta name=\"robots\" content=\"index, follow, max-snippet:-1, max-image-preview:large, max-video-preview:-1\" \/>\n<link rel=\"canonical\" href=\"https:\/\/inginerie.aero\/index.php\/ro\/parteneri-industriali\/\" \/>\n<meta property=\"og:locale\" content=\"ro_RO\" \/>\n<meta property=\"og:type\" content=\"article\" \/>\n<meta property=\"og:title\" content=\"Parteneri - Alumni Politehnica Aerospace Engineering\" \/>\n<meta property=\"og:description\" content=\"Cel mai mare capital al unei companii sunt oamenii. Facultatea de Inginerie Aerospa\u021bial\u0103 este principalul furnizor de capital uman al multor companii din industria aeronautica \u0219i spa\u021bial\u0103 rom\u00e2neasc\u0103 \u0219i nu numai. Recunosc\u00e2nd importan\u021ba leg\u0103turii cu industria, facultatea este activ\u0103 \u00een a str\u00e2nge leg\u0103turile cu viitorii s\u0103i beneficiari, \u00een primul r\u00e2nd prin prestigiosul corp de alumni. [&hellip;]\" \/>\n<meta property=\"og:url\" content=\"https:\/\/inginerie.aero\/index.php\/ro\/parteneri-industriali\/\" \/>\n<meta property=\"og:site_name\" content=\"Alumni Politehnica Aerospace Engineering\" \/>\n<meta property=\"article:publisher\" content=\"https:\/\/www.facebook.com\/groups\/InginerieAerospatiala\/\" \/>\n<meta property=\"article:modified_time\" content=\"2017-05-03T16:45:14+00:00\" \/>\n<meta name=\"twitter:card\" content=\"summary_large_image\" \/>\n<meta name=\"twitter:label1\" content=\"Timp estimat pentru citire\" \/>\n\t<meta name=\"twitter:data1\" content=\"3 minute\" \/>\n<script type=\"application\/ld+json\" class=\"yoast-schema-graph\">{\"@context\":\"https:\/\/schema.org\",\"@graph\":[{\"@type\":\"WebPage\",\"@id\":\"https:\/\/inginerie.aero\/index.php\/ro\/parteneri-industriali\/\",\"url\":\"https:\/\/inginerie.aero\/index.php\/ro\/parteneri-industriali\/\",\"name\":\"Parteneri - Alumni Politehnica Aerospace Engineering\",\"isPartOf\":{\"@id\":\"https:\/\/inginerie.aero\/#website\"},\"datePublished\":\"2017-04-22T12:35:01+00:00\",\"dateModified\":\"2017-05-03T16:45:14+00:00\",\"breadcrumb\":{\"@id\":\"https:\/\/inginerie.aero\/index.php\/ro\/parteneri-industriali\/#breadcrumb\"},\"inLanguage\":\"ro-RO\",\"potentialAction\":[{\"@type\":\"ReadAction\",\"target\":[\"https:\/\/inginerie.aero\/index.php\/ro\/parteneri-industriali\/\"]}]},{\"@type\":\"BreadcrumbList\",\"@id\":\"https:\/\/inginerie.aero\/index.php\/ro\/parteneri-industriali\/#breadcrumb\",\"itemListElement\":[{\"@type\":\"ListItem\",\"position\":1,\"name\":\"Acas\u0103\",\"item\":\"https:\/\/inginerie.aero\/index.php\/ro\/acasa\/\"},{\"@type\":\"ListItem\",\"position\":2,\"name\":\"Parteneri\"}]},{\"@type\":\"WebSite\",\"@id\":\"https:\/\/inginerie.aero\/#website\",\"url\":\"https:\/\/inginerie.aero\/\",\"name\":\"Facultatea de Inginerie Aerospatiala\",\"description\":\"Site-ul Asociatiei de Alumni ai Facultatii de Inginerie Aerospatiala din cadrul Universitatii POLITEHNICA Bucuresti\",\"publisher\":{\"@id\":\"https:\/\/inginerie.aero\/#organization\"},\"potentialAction\":[{\"@type\":\"SearchAction\",\"target\":{\"@type\":\"EntryPoint\",\"urlTemplate\":\"https:\/\/inginerie.aero\/?s={search_term_string}\"},\"query-input\":{\"@type\":\"PropertyValueSpecification\",\"valueRequired\":true,\"valueName\":\"search_term_string\"}}],\"inLanguage\":\"ro-RO\"},{\"@type\":\"Organization\",\"@id\":\"https:\/\/inginerie.aero\/#organization\",\"name\":\"University Politehnica of Bucharest Faculty of Aerospace Engineering\",\"url\":\"https:\/\/inginerie.aero\/\",\"logo\":{\"@type\":\"ImageObject\",\"inLanguage\":\"ro-RO\",\"@id\":\"https:\/\/inginerie.aero\/#\/schema\/logo\/image\/\",\"url\":\"https:\/\/inginerie.aero\/wp-content\/uploads\/2017\/03\/sigla1.png\",\"contentUrl\":\"https:\/\/inginerie.aero\/wp-content\/uploads\/2017\/03\/sigla1.png\",\"width\":734,\"height\":735,\"caption\":\"University Politehnica of Bucharest Faculty of Aerospace Engineering\"},\"image\":{\"@id\":\"https:\/\/inginerie.aero\/#\/schema\/logo\/image\/\"},\"sameAs\":[\"https:\/\/www.facebook.com\/groups\/InginerieAerospatiala\/\"]}]}<\/script>\n<!-- \/ Yoast SEO plugin. -->","yoast_head_json":{"title":"Parteneri - Alumni Politehnica Aerospace Engineering","robots":{"index":"index","follow":"follow","max-snippet":"max-snippet:-1","max-image-preview":"max-image-preview:large","max-video-preview":"max-video-preview:-1"},"canonical":"https:\/\/inginerie.aero\/index.php\/ro\/parteneri-industriali\/","og_locale":"ro_RO","og_type":"article","og_title":"Parteneri - Alumni Politehnica Aerospace Engineering","og_description":"Cel mai mare capital al unei companii sunt oamenii. Facultatea de Inginerie Aerospa\u021bial\u0103 este principalul furnizor de capital uman al multor companii din industria aeronautica \u0219i spa\u021bial\u0103 rom\u00e2neasc\u0103 \u0219i nu numai. Recunosc\u00e2nd importan\u021ba leg\u0103turii cu industria, facultatea este activ\u0103 \u00een a str\u00e2nge leg\u0103turile cu viitorii s\u0103i beneficiari, \u00een primul r\u00e2nd prin prestigiosul corp de alumni. [&hellip;]","og_url":"https:\/\/inginerie.aero\/index.php\/ro\/parteneri-industriali\/","og_site_name":"Alumni Politehnica Aerospace Engineering","article_publisher":"https:\/\/www.facebook.com\/groups\/InginerieAerospatiala\/","article_modified_time":"2017-05-03T16:45:14+00:00","twitter_card":"summary_large_image","twitter_misc":{"Timp estimat pentru citire":"3 minute"},"schema":{"@context":"https:\/\/schema.org","@graph":[{"@type":"WebPage","@id":"https:\/\/inginerie.aero\/index.php\/ro\/parteneri-industriali\/","url":"https:\/\/inginerie.aero\/index.php\/ro\/parteneri-industriali\/","name":"Parteneri - Alumni Politehnica Aerospace Engineering","isPartOf":{"@id":"https:\/\/inginerie.aero\/#website"},"datePublished":"2017-04-22T12:35:01+00:00","dateModified":"2017-05-03T16:45:14+00:00","breadcrumb":{"@id":"https:\/\/inginerie.aero\/index.php\/ro\/parteneri-industriali\/#breadcrumb"},"inLanguage":"ro-RO","potentialAction":[{"@type":"ReadAction","target":["https:\/\/inginerie.aero\/index.php\/ro\/parteneri-industriali\/"]}]},{"@type":"BreadcrumbList","@id":"https:\/\/inginerie.aero\/index.php\/ro\/parteneri-industriali\/#breadcrumb","itemListElement":[{"@type":"ListItem","position":1,"name":"Acas\u0103","item":"https:\/\/inginerie.aero\/index.php\/ro\/acasa\/"},{"@type":"ListItem","position":2,"name":"Parteneri"}]},{"@type":"WebSite","@id":"https:\/\/inginerie.aero\/#website","url":"https:\/\/inginerie.aero\/","name":"Facultatea de Inginerie Aerospatiala","description":"Site-ul Asociatiei de Alumni ai Facultatii de Inginerie Aerospatiala din cadrul Universitatii POLITEHNICA Bucuresti","publisher":{"@id":"https:\/\/inginerie.aero\/#organization"},"potentialAction":[{"@type":"SearchAction","target":{"@type":"EntryPoint","urlTemplate":"https:\/\/inginerie.aero\/?s={search_term_string}"},"query-input":{"@type":"PropertyValueSpecification","valueRequired":true,"valueName":"search_term_string"}}],"inLanguage":"ro-RO"},{"@type":"Organization","@id":"https:\/\/inginerie.aero\/#organization","name":"University Politehnica of Bucharest Faculty of Aerospace Engineering","url":"https:\/\/inginerie.aero\/","logo":{"@type":"ImageObject","inLanguage":"ro-RO","@id":"https:\/\/inginerie.aero\/#\/schema\/logo\/image\/","url":"https:\/\/inginerie.aero\/wp-content\/uploads\/2017\/03\/sigla1.png","contentUrl":"https:\/\/inginerie.aero\/wp-content\/uploads\/2017\/03\/sigla1.png","width":734,"height":735,"caption":"University Politehnica of Bucharest Faculty of Aerospace Engineering"},"image":{"@id":"https:\/\/inginerie.aero\/#\/schema\/logo\/image\/"},"sameAs":["https:\/\/www.facebook.com\/groups\/InginerieAerospatiala\/"]}]}},"jetpack_sharing_enabled":true,"jetpack_shortlink":"https:\/\/wp.me\/Pbbi8l-kf","_links":{"self":[{"href":"https:\/\/inginerie.aero\/index.php\/wp-json\/wp\/v2\/pages\/1255","targetHints":{"allow":["GET"]}}],"collection":[{"href":"https:\/\/inginerie.aero\/index.php\/wp-json\/wp\/v2\/pages"}],"about":[{"href":"https:\/\/inginerie.aero\/index.php\/wp-json\/wp\/v2\/types\/page"}],"author":[{"embeddable":true,"href":"https:\/\/inginerie.aero\/index.php\/wp-json\/wp\/v2\/users\/1"}],"replies":[{"embeddable":true,"href":"https:\/\/inginerie.aero\/index.php\/wp-json\/wp\/v2\/comments?post=1255"}],"version-history":[{"count":11,"href":"https:\/\/inginerie.aero\/index.php\/wp-json\/wp\/v2\/pages\/1255\/revisions"}],"predecessor-version":[{"id":13830,"href":"https:\/\/inginerie.aero\/index.php\/wp-json\/wp\/v2\/pages\/1255\/revisions\/13830"}],"wp:attachment":[{"href":"https:\/\/inginerie.aero\/index.php\/wp-json\/wp\/v2\/media?parent=1255"}],"wp:term":[{"taxonomy":"category","embeddable":true,"href":"https:\/\/inginerie.aero\/index.php\/wp-json\/wp\/v2\/categories?post=1255"},{"taxonomy":"post_tag","embeddable":true,"href":"https:\/\/inginerie.aero\/index.php\/wp-json\/wp\/v2\/tags?post=1255"}],"curies":[{"name":"wp","href":"https:\/\/api.w.org\/{rel}","templated":true}]}}