{"id":300,"date":"2016-12-24T17:38:50","date_gmt":"2016-12-24T15:38:50","guid":{"rendered":"https:\/\/inginerie.aero\/?page_id=300"},"modified":"2017-10-01T20:36:58","modified_gmt":"2017-10-01T17:36:58","slug":"mesajul-decanului","status":"publish","type":"page","link":"https:\/\/inginerie.aero\/index.php\/ro\/mesajul-decanului\/","title":{"rendered":"Mesajul Decanului"},"content":{"rendered":"<p>[et_pb_section admin_label=&#8221;Section&#8221; fullwidth=&#8221;on&#8221; specialty=&#8221;off&#8221; transparent_background=&#8221;off&#8221; allow_player_pause=&#8221;off&#8221; inner_shadow=&#8221;off&#8221; parallax=&#8221;off&#8221; parallax_method=&#8221;off&#8221; padding_mobile=&#8221;off&#8221; make_fullwidth=&#8221;off&#8221; use_custom_width=&#8221;off&#8221; width_unit=&#8221;on&#8221; make_equal=&#8221;off&#8221; use_custom_gutter=&#8221;off&#8221; background_color=&#8221;rgba(23,23,23,0.6)&#8221;][et_pb_fullwidth_post_title admin_label=&#8221;Fullwidth Post Title&#8221; title=&#8221;on&#8221; meta=&#8221;on&#8221; author=&#8221;off&#8221; date=&#8221;on&#8221; categories=&#8221;off&#8221; comments=&#8221;off&#8221; featured_image=&#8221;off&#8221; featured_placement=&#8221;below&#8221; parallax_effect=&#8221;on&#8221; parallax_method=&#8221;on&#8221; text_orientation=&#8221;left&#8221; text_color=&#8221;dark&#8221; text_background=&#8221;off&#8221; text_bg_color=&#8221;rgba(255,255,255,0.9)&#8221; module_bg_color=&#8221;#e3e3e3&#8243; title_all_caps=&#8221;off&#8221; use_border_color=&#8221;off&#8221; border_color=&#8221;#ffffff&#8221; border_style=&#8221;solid&#8221;] [\/et_pb_fullwidth_post_title][\/et_pb_section][et_pb_section admin_label=&#8221;Section&#8221; transparent_background=&#8221;off&#8221; allow_player_pause=&#8221;off&#8221; inner_shadow=&#8221;off&#8221; parallax=&#8221;off&#8221; parallax_method=&#8221;on&#8221; padding_mobile=&#8221;off&#8221; make_fullwidth=&#8221;off&#8221; use_custom_width=&#8221;off&#8221; width_unit=&#8221;off&#8221; custom_width_px=&#8221;1080px&#8221; custom_width_percent=&#8221;80%&#8221; make_equal=&#8221;off&#8221; use_custom_gutter=&#8221;off&#8221; fullwidth=&#8221;off&#8221; specialty=&#8221;on&#8221; disabled=&#8221;off&#8221;][et_pb_column type=&#8221;3_4&#8243; specialty_columns=&#8221;3&#8243;][et_pb_row_inner admin_label=&#8221;Row&#8221; padding_mobile=&#8221;off&#8221; use_custom_gutter=&#8221;off&#8221; make_equal=&#8221;off&#8221; column_padding_mobile=&#8221;off&#8221; parallax_1=&#8221;off&#8221; parallax_method_1=&#8221;on&#8221; parallax_2=&#8221;off&#8221; parallax_method_2=&#8221;on&#8221; parallax_3=&#8221;off&#8221; parallax_method_3=&#8221;on&#8221; disabled=&#8221;off&#8221;][et_pb_column_inner type=&#8221;4_4&#8243; saved_specialty_column_type=&#8221;3_4&#8243;][et_pb_text admin_label=&#8221;Text&#8221; background_layout=&#8221;light&#8221; text_orientation=&#8221;left&#8221; use_border_color=&#8221;off&#8221; border_color=&#8221;#ffffff&#8221; border_style=&#8221;solid&#8221;]<\/p>\n<div id=\"yiv4197588228yui_3_16_0_ym19_1_1506621093873_3372\" dir=\"ltr\"><em>La decanat avem \u00een ton<\/em><\/div>\n<div dir=\"ltr\"><em>un motto elocvent:<\/em><\/div>\n<div dir=\"ltr\"><em>Dec\u00e2t s\u0103 pice-un avion,<\/em><\/div>\n<div dir=\"ltr\"><em>mai bine un student.<\/em><\/div>\n<div id=\"yiv4197588228yui_3_16_0_ym19_1_1506621093873_3372\" dir=\"ltr\"><\/div>\n<div id=\"yiv4197588228yui_3_16_0_ym19_1_1506621093873_3372\" dir=\"ltr\">Prof. Corneliu Berbente, Decan 1980-1988 \u0219i 2000-2004<\/div>\n<p>[\/et_pb_text][et_pb_testimonial admin_label=&#8221;Testimonial&#8221; author=&#8221;Conf. dr. ing. Octavian Thor Pleter, MBA (MBS)&#8221; job_title=&#8221;Decanul Facult\u0103\u021bii de Inginerie Aerospa\u021bial\u0103, 2016-2020&#8243; url_new_window=&#8221;off&#8221; portrait_url=&#8221;https:\/\/inginerie.aero\/wp-content\/uploads\/2016\/12\/947376_10208459910636858_7159269612757434212_n.jpg&#8221; quote_icon=&#8221;on&#8221; use_background_color=&#8221;on&#8221; background_color=&#8221;#f5f5f5&#8243; background_layout=&#8221;light&#8221; text_orientation=&#8221;justified&#8221; use_border_color=&#8221;off&#8221; border_style=&#8221;solid&#8221; disabled=&#8221;off&#8221; border_color=&#8221;#ffffff&#8221; portrait_height=&#8221;130&#8243;]<\/p>\n<p>Avia\u021bia \u0219i astronautica sunt domenii de v\u00e2rf tehnologic. Prin urmare, e o facultate grea. Ofer\u0103 \u00eens\u0103 satisfac\u021bii profesionale unice, iar joburile pot fi de mare r\u0103spundere \u0219i, \u00een consecin\u021b\u0103, bine pl\u0103tite.\u00a0 Dac\u0103 vorbim de exploatare \u0219i \u00eentre\u021binere, un singur avion de transport cost\u0103 \u00eentre 50 \u0219i 200 de milioane de Euro. Putem s\u0103 ne d\u0103m seama u\u0219or c\u00e2t\u0103 r\u0103spundere are un inginer care se ocup\u0103 de o flot\u0103 chiar mic\u0103, de 5-10 avioane.\u00a0 Dac\u0103 vorbim de proiectare sau de fabrica\u021bie, inginerii preg\u0103ti\u021bi de noi au contribu\u021bii majore la proiecte interna\u021bionale de multe miliarde de Euro, cum sunt Airbus A350, Gulfstream G650, elicopterul Airbus Helicopters H215, sau la noile lansatoare ale Agen\u021biei Spa\u021biale Europene (ESA).\u00a0 Dac\u0103 vorbim de naviga\u021bie aerian\u0103, sistemul de management al traficului aerian din Europa are o cifr\u0103 de afaceri de 8 miliarde de Euro anual. Mul\u021bi dintre inginerii care gestioneaz\u0103 acest sistem sunt rom\u00e2ni. La Eurocontrol se vorbe\u0219te rom\u00e2ne\u0219te, avem zeci de absolven\u021bi care lucreaz\u0103 acolo. De asemenea \u0219i la ROMATSA sunt mul\u021bi absoven\u021bi ai facult\u0103\u021bii noastre. Domeniul UAV \/ RPAS este unul cu o dinamic\u0103 incredibil\u0103. Studen\u021bii \u0219i inginerii no\u0219tri sunt implica\u021bi de peste 10 ani \u00een proiecte importante \u0219i au c\u00e2\u0219tigat mai multe concursuri interna\u021bionale. Calificarea de inginer aerospa\u021bial din Rom\u00e2nia este recunoscut\u0103 \u0219i apreciat\u0103 peste tot \u00een lume, pentru c\u0103 facultatea are tradi\u021bie \u0219i un bun renume.<\/p>\n<p>&nbsp;<\/p>\n<p>[\/et_pb_testimonial][et_pb_testimonial admin_label=&#8221;Testimonial&#8221; author=&#8221;Prof. dr. ing. DHC Virgil Stanciu&#8221; job_title=&#8221;Decanul Facult\u0103\u021bii de Inginerie Aerospa\u021bial\u0103 2008-2016&#8243; url_new_window=&#8221;off&#8221; portrait_url=&#8221;https:\/\/inginerie.aero\/wp-content\/uploads\/2017\/02\/virgilstanciu.jpg&#8221; quote_icon=&#8221;on&#8221; use_background_color=&#8221;on&#8221; background_color=&#8221;#f5f5f5&#8243; background_layout=&#8221;light&#8221; text_orientation=&#8221;justified&#8221; use_border_color=&#8221;off&#8221; border_style=&#8221;solid&#8221; disabled=&#8221;off&#8221; border_color=&#8221;#ffffff&#8221; custom_css_main_element=&#8221;text-align: justify;&#8221; portrait_height=&#8221;117&#8243;]<\/p>\n<p>Dragi viitori studen\u021bi,<\/p>\n<p>Sunte\u0163i la v\u00e2rsta la care va trebui s\u0103 face\u0163i o op\u021biune. \u015etiu c\u0103 este foarte greu \u015fi v\u0103 \u00een\u0163eleg. Eu, ca p\u0103rinte \u015fi dasc\u0103l, \u00eemi permit s\u0103 v\u0103 sugerez un drum \u00een via\u0163\u0103. Este drumul pe care visele devin realitate, iar realitatea creeaz\u0103 vise. A fi un inginer 3D, \u00een domeniul aerospa\u0163ial, nu este doar o meserie ci, mai mult, o art\u0103 inginereasc\u0103. Inginerii no\u015ftri se m\u00e2ndresc cu faptul c\u0103 nu sunt doar posesorii unor diplome sau ale unor titluri, ci sunt vis\u0103torii care iubesc ingineria, adev\u0103ra\u021bi filoingineri. Este suficient s\u0103 privi\u0163i \u00een jur \u015fi ve\u0163i vedea c\u0103 tot ceea ce exist\u0103 are amprenta acestui domeniu pe care, cu respect, \u00eel numim aerospa\u0163ial. Industria de avia\u0163ie este un v\u00e2rf de lance \u00een tot ceea ce \u00eenseamn\u0103 inginerie. \u00cen acest domeniu de v\u00e2rf se investesc sume uria\u015fe, se ob\u0163in, uneori cu sacrificii, rezultate deosebite care, apoi, se aplic\u0103 \u00een toat\u0103 industria orizontal\u0103. Privi\u0163i o pas\u0103re, privi\u0163i un avion, cea mai simpl\u0103 pas\u0103re, \u015fi ve\u0163i constata c\u0103 esen\u0163a lor este aceea\u015fi, zborul, a\u015fa cum afirma marele sculptor \u015fi filozof rom\u00e2n Constantin Br\u00e2ncu\u015fi. Printre studen\u0163i circul\u0103 un aforism, pe care, doar ca ingineri sau pilo\u0163i, \u00eel pute\u0163i tr\u0103i. El ne transmite un mesaj de suflet, faptul c\u0103 \u201eAvia\u0163ia d\u0103 senza\u0163ia\u201d. Vre\u0163i s\u0103 tr\u0103i\u0163i cu adev\u0103rat aceste senza\u0163ii, alege\u0163i-v\u0103 acest drum \u00een viat\u0103 \u015fi nu ve\u0163i avea nicio dezam\u0103gire c\u0103ci aceasta este unica \u015fi sublima cale a celor inteligen\u0163i, \u00eencrez\u0103tori, puternici \u015fi curajo\u015fi. Al\u0103turi de dasc\u0103lii no\u015ftri care, pe l\u00e2ng\u0103 cuno\u015ftin\u0163e, cu con\u015ftiin\u0163\u0103, v\u0103 vor d\u0103rui \u015fi pu\u0163in din sufletul lor, ve\u0163i \u00eenv\u0103\u0163a s\u0103 zbura\u0163i. Bate\u0163i la por\u0163ile \u015fcolii noastre aerospa\u021biale, iar noi v\u0103 vom deschide!<\/p>\n<p>&nbsp;<\/p>\n<p>[\/et_pb_testimonial][et_pb_button admin_label=&#8221;Button&#8221; url_new_window=&#8221;off&#8221; background_layout=&#8221;light&#8221; custom_button=&#8221;off&#8221; button_text_size=&#8221;20&#8243; button_use_icon=&#8221;on&#8221; button_icon_placement=&#8221;right&#8221; button_on_hover=&#8221;on&#8221; button_letter_spacing_hover=&#8221;0&#8243; disabled=&#8221;off&#8221;] [\/et_pb_button][\/et_pb_column_inner][\/et_pb_row_inner][\/et_pb_column][et_pb_column type=&#8221;1_4&#8243;][et_pb_text admin_label=&#8221;Text&#8221; background_layout=&#8221;light&#8221; text_orientation=&#8221;left&#8221; header_font_size=&#8221;49px&#8221; use_border_color=&#8221;off&#8221; border_style=&#8221;solid&#8221; disabled=&#8221;off&#8221;]<\/p>\n<p>Anunturi<\/p>\n<p>[\/et_pb_text][et_pb_divider admin_label=&#8221;Divider&#8221; color=&#8221;#bfbfbf&#8221; divider_style=&#8221;solid&#8221; divider_position=&#8221;top&#8221; divider_weight=&#8221;1px&#8221; hide_on_mobile=&#8221;on&#8221; disabled=&#8221;off&#8221;] [\/et_pb_divider][et_pb_blog admin_label=&#8221;Blog&#8221; fullwidth=&#8221;off&#8221; include_categories=&#8221;11&#8243; show_thumbnail=&#8221;off&#8221; show_content=&#8221;off&#8221; show_more=&#8221;on&#8221; show_author=&#8221;on&#8221; show_date=&#8221;on&#8221; show_categories=&#8221;off&#8221; show_comments=&#8221;off&#8221; show_pagination=&#8221;off&#8221; offset_number=&#8221;0&#8243; use_overlay=&#8221;off&#8221; background_layout=&#8221;light&#8221; use_dropshadow=&#8221;on&#8221; use_border_color=&#8221;off&#8221; border_color=&#8221;#ffffff&#8221; border_style=&#8221;solid&#8221; disabled=&#8221;off&#8221;] [\/et_pb_blog][\/et_pb_column][\/et_pb_section]<\/p>\n","protected":false},"excerpt":{"rendered":"<p>La decanat avem \u00een ton un motto elocvent: Dec\u00e2t s\u0103 pice-un avion, mai bine un student. Prof. Corneliu Berbente, Decan 1980-1988 \u0219i 2000-2004 Avia\u021bia \u0219i astronautica sunt domenii de v\u00e2rf tehnologic. Prin urmare, e o facultate grea. Ofer\u0103 \u00eens\u0103 satisfac\u021bii profesionale unice, iar joburile pot fi de mare r\u0103spundere \u0219i, \u00een consecin\u021b\u0103, bine pl\u0103tite.\u00a0 Dac\u0103 [&hellip;]<\/p>\n","protected":false},"author":2,"featured_media":0,"parent":0,"menu_order":0,"comment_status":"closed","ping_status":"closed","template":"","meta":{"_et_pb_use_builder":"on","_et_pb_old_content":"<p>Mesajul Decanului<\/p>","_et_gb_content_width":"","jetpack_post_was_ever_published":false,"footnotes":"","_links_to":"","_links_to_target":""},"categories":[],"tags":[],"class_list":["post-300","page","type-page","status-publish","hentry"],"yoast_head":"<!-- This site is optimized with the Yoast SEO plugin v24.3 - https:\/\/yoast.com\/wordpress\/plugins\/seo\/ -->\n<title>Mesajul Decanului - Alumni Politehnica Aerospace Engineering<\/title>\n<meta name=\"robots\" content=\"index, follow, max-snippet:-1, max-image-preview:large, max-video-preview:-1\" \/>\n<link rel=\"canonical\" href=\"https:\/\/inginerie.aero\/index.php\/ro\/mesajul-decanului\/\" \/>\n<meta property=\"og:locale\" content=\"ro_RO\" \/>\n<meta property=\"og:type\" content=\"article\" \/>\n<meta property=\"og:title\" content=\"Mesajul Decanului - Alumni Politehnica Aerospace Engineering\" \/>\n<meta property=\"og:description\" content=\"La decanat avem \u00een ton un motto elocvent: Dec\u00e2t s\u0103 pice-un avion, mai bine un student. Prof. Corneliu Berbente, Decan 1980-1988 \u0219i 2000-2004 Avia\u021bia \u0219i astronautica sunt domenii de v\u00e2rf tehnologic. Prin urmare, e o facultate grea. Ofer\u0103 \u00eens\u0103 satisfac\u021bii profesionale unice, iar joburile pot fi de mare r\u0103spundere \u0219i, \u00een consecin\u021b\u0103, bine pl\u0103tite.\u00a0 Dac\u0103 [&hellip;]\" \/>\n<meta property=\"og:url\" content=\"https:\/\/inginerie.aero\/index.php\/ro\/mesajul-decanului\/\" \/>\n<meta property=\"og:site_name\" content=\"Alumni Politehnica Aerospace Engineering\" \/>\n<meta property=\"article:publisher\" content=\"https:\/\/www.facebook.com\/groups\/InginerieAerospatiala\/\" \/>\n<meta property=\"article:modified_time\" content=\"2017-10-01T17:36:58+00:00\" \/>\n<meta name=\"twitter:card\" content=\"summary_large_image\" \/>\n<meta name=\"twitter:label1\" content=\"Timp estimat pentru citire\" \/>\n\t<meta name=\"twitter:data1\" content=\"6 minute\" \/>\n<script type=\"application\/ld+json\" class=\"yoast-schema-graph\">{\"@context\":\"https:\/\/schema.org\",\"@graph\":[{\"@type\":\"WebPage\",\"@id\":\"https:\/\/inginerie.aero\/index.php\/ro\/mesajul-decanului\/\",\"url\":\"https:\/\/inginerie.aero\/index.php\/ro\/mesajul-decanului\/\",\"name\":\"Mesajul Decanului - Alumni Politehnica Aerospace Engineering\",\"isPartOf\":{\"@id\":\"https:\/\/inginerie.aero\/#website\"},\"datePublished\":\"2016-12-24T15:38:50+00:00\",\"dateModified\":\"2017-10-01T17:36:58+00:00\",\"breadcrumb\":{\"@id\":\"https:\/\/inginerie.aero\/index.php\/ro\/mesajul-decanului\/#breadcrumb\"},\"inLanguage\":\"ro-RO\",\"potentialAction\":[{\"@type\":\"ReadAction\",\"target\":[\"https:\/\/inginerie.aero\/index.php\/ro\/mesajul-decanului\/\"]}]},{\"@type\":\"BreadcrumbList\",\"@id\":\"https:\/\/inginerie.aero\/index.php\/ro\/mesajul-decanului\/#breadcrumb\",\"itemListElement\":[{\"@type\":\"ListItem\",\"position\":1,\"name\":\"Acas\u0103\",\"item\":\"https:\/\/inginerie.aero\/index.php\/ro\/acasa\/\"},{\"@type\":\"ListItem\",\"position\":2,\"name\":\"Mesajul Decanului\"}]},{\"@type\":\"WebSite\",\"@id\":\"https:\/\/inginerie.aero\/#website\",\"url\":\"https:\/\/inginerie.aero\/\",\"name\":\"Facultatea de Inginerie Aerospatiala\",\"description\":\"Site-ul Asociatiei de Alumni ai Facultatii de Inginerie Aerospatiala din cadrul Universitatii POLITEHNICA Bucuresti\",\"publisher\":{\"@id\":\"https:\/\/inginerie.aero\/#organization\"},\"potentialAction\":[{\"@type\":\"SearchAction\",\"target\":{\"@type\":\"EntryPoint\",\"urlTemplate\":\"https:\/\/inginerie.aero\/?s={search_term_string}\"},\"query-input\":{\"@type\":\"PropertyValueSpecification\",\"valueRequired\":true,\"valueName\":\"search_term_string\"}}],\"inLanguage\":\"ro-RO\"},{\"@type\":\"Organization\",\"@id\":\"https:\/\/inginerie.aero\/#organization\",\"name\":\"University Politehnica of Bucharest Faculty of Aerospace Engineering\",\"url\":\"https:\/\/inginerie.aero\/\",\"logo\":{\"@type\":\"ImageObject\",\"inLanguage\":\"ro-RO\",\"@id\":\"https:\/\/inginerie.aero\/#\/schema\/logo\/image\/\",\"url\":\"https:\/\/inginerie.aero\/wp-content\/uploads\/2017\/03\/sigla1.png\",\"contentUrl\":\"https:\/\/inginerie.aero\/wp-content\/uploads\/2017\/03\/sigla1.png\",\"width\":734,\"height\":735,\"caption\":\"University Politehnica of Bucharest Faculty of Aerospace Engineering\"},\"image\":{\"@id\":\"https:\/\/inginerie.aero\/#\/schema\/logo\/image\/\"},\"sameAs\":[\"https:\/\/www.facebook.com\/groups\/InginerieAerospatiala\/\"]}]}<\/script>\n<!-- \/ Yoast SEO plugin. -->","yoast_head_json":{"title":"Mesajul Decanului - Alumni Politehnica Aerospace Engineering","robots":{"index":"index","follow":"follow","max-snippet":"max-snippet:-1","max-image-preview":"max-image-preview:large","max-video-preview":"max-video-preview:-1"},"canonical":"https:\/\/inginerie.aero\/index.php\/ro\/mesajul-decanului\/","og_locale":"ro_RO","og_type":"article","og_title":"Mesajul Decanului - Alumni Politehnica Aerospace Engineering","og_description":"La decanat avem \u00een ton un motto elocvent: Dec\u00e2t s\u0103 pice-un avion, mai bine un student. Prof. Corneliu Berbente, Decan 1980-1988 \u0219i 2000-2004 Avia\u021bia \u0219i astronautica sunt domenii de v\u00e2rf tehnologic. Prin urmare, e o facultate grea. Ofer\u0103 \u00eens\u0103 satisfac\u021bii profesionale unice, iar joburile pot fi de mare r\u0103spundere \u0219i, \u00een consecin\u021b\u0103, bine pl\u0103tite.\u00a0 Dac\u0103 [&hellip;]","og_url":"https:\/\/inginerie.aero\/index.php\/ro\/mesajul-decanului\/","og_site_name":"Alumni Politehnica Aerospace Engineering","article_publisher":"https:\/\/www.facebook.com\/groups\/InginerieAerospatiala\/","article_modified_time":"2017-10-01T17:36:58+00:00","twitter_card":"summary_large_image","twitter_misc":{"Timp estimat pentru citire":"6 minute"},"schema":{"@context":"https:\/\/schema.org","@graph":[{"@type":"WebPage","@id":"https:\/\/inginerie.aero\/index.php\/ro\/mesajul-decanului\/","url":"https:\/\/inginerie.aero\/index.php\/ro\/mesajul-decanului\/","name":"Mesajul Decanului - Alumni Politehnica Aerospace Engineering","isPartOf":{"@id":"https:\/\/inginerie.aero\/#website"},"datePublished":"2016-12-24T15:38:50+00:00","dateModified":"2017-10-01T17:36:58+00:00","breadcrumb":{"@id":"https:\/\/inginerie.aero\/index.php\/ro\/mesajul-decanului\/#breadcrumb"},"inLanguage":"ro-RO","potentialAction":[{"@type":"ReadAction","target":["https:\/\/inginerie.aero\/index.php\/ro\/mesajul-decanului\/"]}]},{"@type":"BreadcrumbList","@id":"https:\/\/inginerie.aero\/index.php\/ro\/mesajul-decanului\/#breadcrumb","itemListElement":[{"@type":"ListItem","position":1,"name":"Acas\u0103","item":"https:\/\/inginerie.aero\/index.php\/ro\/acasa\/"},{"@type":"ListItem","position":2,"name":"Mesajul Decanului"}]},{"@type":"WebSite","@id":"https:\/\/inginerie.aero\/#website","url":"https:\/\/inginerie.aero\/","name":"Facultatea de Inginerie Aerospatiala","description":"Site-ul Asociatiei de Alumni ai Facultatii de Inginerie Aerospatiala din cadrul Universitatii POLITEHNICA Bucuresti","publisher":{"@id":"https:\/\/inginerie.aero\/#organization"},"potentialAction":[{"@type":"SearchAction","target":{"@type":"EntryPoint","urlTemplate":"https:\/\/inginerie.aero\/?s={search_term_string}"},"query-input":{"@type":"PropertyValueSpecification","valueRequired":true,"valueName":"search_term_string"}}],"inLanguage":"ro-RO"},{"@type":"Organization","@id":"https:\/\/inginerie.aero\/#organization","name":"University Politehnica of Bucharest Faculty of Aerospace Engineering","url":"https:\/\/inginerie.aero\/","logo":{"@type":"ImageObject","inLanguage":"ro-RO","@id":"https:\/\/inginerie.aero\/#\/schema\/logo\/image\/","url":"https:\/\/inginerie.aero\/wp-content\/uploads\/2017\/03\/sigla1.png","contentUrl":"https:\/\/inginerie.aero\/wp-content\/uploads\/2017\/03\/sigla1.png","width":734,"height":735,"caption":"University Politehnica of Bucharest Faculty of Aerospace Engineering"},"image":{"@id":"https:\/\/inginerie.aero\/#\/schema\/logo\/image\/"},"sameAs":["https:\/\/www.facebook.com\/groups\/InginerieAerospatiala\/"]}]}},"jetpack_sharing_enabled":true,"jetpack_shortlink":"https:\/\/wp.me\/Pbbi8l-4Q","_links":{"self":[{"href":"https:\/\/inginerie.aero\/index.php\/wp-json\/wp\/v2\/pages\/300","targetHints":{"allow":["GET"]}}],"collection":[{"href":"https:\/\/inginerie.aero\/index.php\/wp-json\/wp\/v2\/pages"}],"about":[{"href":"https:\/\/inginerie.aero\/index.php\/wp-json\/wp\/v2\/types\/page"}],"author":[{"embeddable":true,"href":"https:\/\/inginerie.aero\/index.php\/wp-json\/wp\/v2\/users\/2"}],"replies":[{"embeddable":true,"href":"https:\/\/inginerie.aero\/index.php\/wp-json\/wp\/v2\/comments?post=300"}],"version-history":[{"count":53,"href":"https:\/\/inginerie.aero\/index.php\/wp-json\/wp\/v2\/pages\/300\/revisions"}],"predecessor-version":[{"id":6035,"href":"https:\/\/inginerie.aero\/index.php\/wp-json\/wp\/v2\/pages\/300\/revisions\/6035"}],"wp:attachment":[{"href":"https:\/\/inginerie.aero\/index.php\/wp-json\/wp\/v2\/media?parent=300"}],"wp:term":[{"taxonomy":"category","embeddable":true,"href":"https:\/\/inginerie.aero\/index.php\/wp-json\/wp\/v2\/categories?post=300"},{"taxonomy":"post_tag","embeddable":true,"href":"https:\/\/inginerie.aero\/index.php\/wp-json\/wp\/v2\/tags?post=300"}],"curies":[{"name":"wp","href":"https:\/\/api.w.org\/{rel}","templated":true}]}}