{"id":303,"date":"2016-12-24T17:40:30","date_gmt":"2016-12-24T15:40:30","guid":{"rendered":"https:\/\/inginerie.aero\/?page_id=303"},"modified":"2021-03-11T16:44:35","modified_gmt":"2021-03-11T14:44:35","slug":"istoria-facultatii","status":"publish","type":"page","link":"https:\/\/inginerie.aero\/index.php\/ro\/istoria-facultatii\/","title":{"rendered":"Istoria Facult\u0103\u021bii"},"content":{"rendered":"<p>[et_pb_section bb_built=&#8221;1&#8243; fullwidth=&#8221;on&#8221; specialty=&#8221;off&#8221; transparent_background=&#8221;off&#8221; allow_player_pause=&#8221;off&#8221; inner_shadow=&#8221;off&#8221; parallax=&#8221;off&#8221; parallax_method=&#8221;off&#8221; padding_mobile=&#8221;off&#8221; make_fullwidth=&#8221;off&#8221; use_custom_width=&#8221;off&#8221; width_unit=&#8221;on&#8221; make_equal=&#8221;off&#8221; use_custom_gutter=&#8221;off&#8221; background_color=&#8221;rgba(23,23,23,0.6)&#8221; custom_padding_tablet=&#8221;50px|0|50px|0&#8243; custom_padding_last_edited=&#8221;on|desktop&#8221;][et_pb_fullwidth_post_title title=&#8221;on&#8221; meta=&#8221;on&#8221; author=&#8221;off&#8221; date=&#8221;on&#8221; categories=&#8221;off&#8221; comments=&#8221;off&#8221; featured_image=&#8221;off&#8221; featured_placement=&#8221;below&#8221; parallax_effect=&#8221;on&#8221; parallax_method=&#8221;on&#8221; text_orientation=&#8221;left&#8221; text_color=&#8221;dark&#8221; text_background=&#8221;off&#8221; text_bg_color=&#8221;rgba(255,255,255,0.9)&#8221; module_bg_color=&#8221;#e3e3e3&#8243; title_all_caps=&#8221;off&#8221; use_border_color=&#8221;off&#8221; border_color=&#8221;#ffffff&#8221; border_style=&#8221;solid&#8221; parallax=&#8221;on&#8221; background_color=&#8221;#e3e3e3&#8243;]<\/p>\n<p>&nbsp;<\/p>\n<p>[\/et_pb_fullwidth_post_title][\/et_pb_section][et_pb_section bb_built=&#8221;1&#8243; transparent_background=&#8221;off&#8221; allow_player_pause=&#8221;off&#8221; inner_shadow=&#8221;off&#8221; parallax=&#8221;off&#8221; parallax_method=&#8221;on&#8221; padding_mobile=&#8221;off&#8221; make_fullwidth=&#8221;off&#8221; use_custom_width=&#8221;off&#8221; width_unit=&#8221;off&#8221; custom_width_px=&#8221;1080px&#8221; custom_width_percent=&#8221;80%&#8221; make_equal=&#8221;off&#8221; use_custom_gutter=&#8221;off&#8221; fullwidth=&#8221;off&#8221; specialty=&#8221;on&#8221; disabled=&#8221;off&#8221; custom_padding_tablet=&#8221;50px|0|50px|0&#8243; custom_padding_last_edited=&#8221;on|desktop&#8221;][et_pb_column type=&#8221;3_4&#8243; specialty_columns=&#8221;3&#8243;][et_pb_row_inner admin_label=&#8221;Row&#8221; padding_mobile=&#8221;off&#8221; use_custom_gutter=&#8221;off&#8221; make_equal=&#8221;off&#8221; column_padding_mobile=&#8221;off&#8221; parallax_1=&#8221;off&#8221; parallax_method_1=&#8221;on&#8221; parallax_2=&#8221;off&#8221; parallax_method_2=&#8221;on&#8221; parallax_3=&#8221;off&#8221; parallax_method_3=&#8221;on&#8221; disabled=&#8221;off&#8221;][et_pb_column_inner type=&#8221;4_4&#8243; saved_specialty_column_type=&#8221;3_4&#8243;][et_pb_text admin_label=&#8221;Subtitlu&#8221; _builder_version=&#8221;3.0.92&#8243; background_layout=&#8221;light&#8221;]<\/p>\n<h4>Facultatea de Inginerie Aerospa\u021bial\u0103 &#8211; Universitatea Politehnica din Bucure\u0219ti<\/h4>\n<p>[\/et_pb_text][et_pb_text background_layout=&#8221;light&#8221; text_orientation=&#8221;left&#8221; use_border_color=&#8221;off&#8221; border_color=&#8221;#ffffff&#8221; border_style=&#8221;solid&#8221;]<\/p>\n<div id=\"yiv4197588228yui_3_16_0_ym19_1_1506621093873_3372\" dir=\"ltr\"><em>Istoria, se \u0219tie,<\/em><\/div>\n<div id=\"yiv4197588228yui_3_16_0_ym19_1_1506621093873_3372\" dir=\"ltr\"><em>Se poate repeta,\u00a0<\/em><\/div>\n<div id=\"yiv4197588228yui_3_16_0_ym19_1_1506621093873_3372\" dir=\"ltr\"><em>Dar cei ce o vor scrie<\/em><\/div>\n<div id=\"yiv4197588228yui_3_16_0_ym19_1_1506621093873_3372\" dir=\"ltr\"><em>Vor scrie altceva.<\/em><\/div>\n<div id=\"yiv4197588228yui_3_16_0_ym19_1_1506621093873_3372\" dir=\"ltr\"><\/div>\n<div id=\"yiv4197588228yui_3_16_0_ym19_1_1506621093873_3372\" dir=\"ltr\">Prof. Corneliu Berbente<\/div>\n<p>[\/et_pb_text][et_pb_text background_layout=&#8221;light&#8221; text_orientation=&#8221;justified&#8221; use_border_color=&#8221;off&#8221; border_color=&#8221;#ffffff&#8221; border_style=&#8221;solid&#8221;]<\/p>\n<p>Unul dintre domeniile \u00een care rom\u00e2nii au excelat \u00een toate etapele istorice ale acelui domeniu este avia\u021bia. Unii dintre pionierii avia\u021biei mondiale sunt rom\u00e2ni: Traian Vuia, Aurel Vlaicu, Henri Coand\u0103. \u00cen 1910 Aurel Vlaicu \u00ee\u0219i construia \u00een hangarul din Bucure\u0219ti, localul Polizu, avionul cu care avea s\u0103 c\u00e2\u0219tige un trofeu la Viena, Vlaicu-II. Acest hangar unic cu tavan de sticl\u0103 face ast\u0103zi parte din patrimoniul Facult\u0103\u021bii de Inginerie Aerospa\u021bial\u0103.<\/p>\n<p>[\/et_pb_text][et_pb_image src=&#8221;https:\/\/inginerie.aero\/wp-content\/uploads\/2016\/12\/aurelvlaicu.jpg&#8221; title_text=&#8221;Aurel Vlaicu si avionul construit in hangarul din localul Polizu, Vlaicu II&#8221; show_in_lightbox=&#8221;off&#8221; url_new_window=&#8221;off&#8221; use_overlay=&#8221;off&#8221; animation=&#8221;fade_in&#8221; sticky=&#8221;off&#8221; align=&#8221;center&#8221; force_fullwidth=&#8221;off&#8221; always_center_on_mobile=&#8221;on&#8221; use_border_color=&#8221;off&#8221; border_color=&#8221;#ffffff&#8221; border_style=&#8221;solid&#8221;]<\/p>\n<p>&nbsp;<\/p>\n<p>[\/et_pb_image][et_pb_text background_layout=&#8221;light&#8221; text_orientation=&#8221;justified&#8221; use_border_color=&#8221;off&#8221; border_color=&#8221;#ffffff&#8221; border_style=&#8221;solid&#8221;]<\/p>\n<p>Facultatea de Inginerie Aerospa\u021bial\u0103 este fondat\u0103 \u00een 1933 de Acad. Elie Carafoli ca o sec\u021bie a Facult\u0103\u021bii de Mecanic\u0103. De\u0219i cu pu\u021bini studen\u021bi, sec\u021bia exceleaz\u0103 calitativ, dispun\u00e2nd de instala\u021bii de cercetare foarte avansate. Dintre ele se remarc\u0103 unul din cele mai importante tuneluri aerodinamice din lume la acea vreme. Prima atestare a \u00eenv\u0103\u021b\u0103m\u00e2ntului de avia\u021bie dateaz\u0103 din 1928 &#8211; Cursul de Aerodinamic\u0103 al Prof. Elie Carafoli (Conferin\u021be de Aerodinamic\u0103). Catedra de Avia\u021bie este creat\u0103 \u00een 1930, iar \u00een 1931 este inaugurat celebrul tunel aerodinamic. V. Vasilescu Karpen, Rectorul Politehnicii, \u00een cuv\u00e2ntarea din 1931 recunoa\u0219te importan\u021ba \u00eenv\u0103\u021b\u0103m\u00e2ntului de avia\u021bie \u0219i inten\u021bia de a-l include \u00een portofoliul Politehnicii \u00eenc\u0103 din 1920, dar nu f\u0103r\u0103 cadre didactice bine preg\u0103tite, laboratoare \u0219i baza industrial\u0103 unde inginerii s\u0103 fac\u0103 practic\u0103. La\u00a07 mai 1931 s-a inaugurat tunelul aerodinamic.<\/p>\n<p>[\/et_pb_text][\/et_pb_column_inner][\/et_pb_row_inner][et_pb_row_inner admin_label=&#8221;Row&#8221;][et_pb_column_inner type=&#8221;1_2&#8243; saved_specialty_column_type=&#8221;3_4&#8243;][et_pb_image src=&#8221;https:\/\/inginerie.aero\/wp-content\/uploads\/2016\/12\/09151045590525812.jpg&#8221; title_text=&#8221;Elie Carafoli&#8221; show_in_lightbox=&#8221;off&#8221; url_new_window=&#8221;off&#8221; use_overlay=&#8221;off&#8221; animation=&#8221;fade_in&#8221; sticky=&#8221;off&#8221; align=&#8221;center&#8221; force_fullwidth=&#8221;off&#8221; always_center_on_mobile=&#8221;on&#8221; use_border_color=&#8221;off&#8221; border_color=&#8221;#ffffff&#8221; border_style=&#8221;solid&#8221;]<\/p>\n<p>&nbsp;<\/p>\n<p>[\/et_pb_image][et_pb_image src=&#8221;https:\/\/inginerie.aero\/wp-content\/uploads\/2016\/12\/VVasilescuKarpen.jpg&#8221; title_text=&#8221;V. Vasilescu Karpen&#8221; show_in_lightbox=&#8221;off&#8221; url_new_window=&#8221;off&#8221; use_overlay=&#8221;off&#8221; animation=&#8221;left&#8221; sticky=&#8221;off&#8221; align=&#8221;left&#8221; force_fullwidth=&#8221;off&#8221; always_center_on_mobile=&#8221;on&#8221; use_border_color=&#8221;off&#8221; border_color=&#8221;#ffffff&#8221; border_style=&#8221;solid&#8221;]<\/p>\n<p>&nbsp;<\/p>\n<p>[\/et_pb_image][et_pb_image src=&#8221;https:\/\/inginerie.aero\/wp-content\/uploads\/2016\/12\/Inaugurare2.jpg&#8221; title_text=&#8221;Inaugurarea 7 mai 1931&#8243; show_in_lightbox=&#8221;off&#8221; url_new_window=&#8221;off&#8221; use_overlay=&#8221;off&#8221; animation=&#8221;left&#8221; sticky=&#8221;off&#8221; align=&#8221;left&#8221; force_fullwidth=&#8221;off&#8221; always_center_on_mobile=&#8221;on&#8221; use_border_color=&#8221;off&#8221; border_color=&#8221;#ffffff&#8221; border_style=&#8221;solid&#8221;]<\/p>\n<p>&nbsp;<\/p>\n<p>[\/et_pb_image][et_pb_image src=&#8221;https:\/\/inginerie.aero\/wp-content\/uploads\/2016\/12\/Inaugurare4.jpg&#8221; title_text=&#8221;Inaugurare 7 mai 1931&#8243; show_in_lightbox=&#8221;off&#8221; url_new_window=&#8221;off&#8221; use_overlay=&#8221;off&#8221; animation=&#8221;left&#8221; sticky=&#8221;off&#8221; align=&#8221;left&#8221; force_fullwidth=&#8221;off&#8221; always_center_on_mobile=&#8221;on&#8221; use_border_color=&#8221;off&#8221; border_color=&#8221;#ffffff&#8221; border_style=&#8221;solid&#8221;]<\/p>\n<p>&nbsp;<\/p>\n<p>[\/et_pb_image][\/et_pb_column_inner][et_pb_column_inner type=&#8221;1_2&#8243; saved_specialty_column_type=&#8221;3_4&#8243;][et_pb_image src=&#8221;https:\/\/inginerie.aero\/wp-content\/uploads\/2016\/12\/IMG_3834-1.jpg&#8221; title_text=&#8221;Tunelul aerodinamic al Facultatii de Inginerie Aerospatiala, localul Polizu&#8221; show_in_lightbox=&#8221;off&#8221; url_new_window=&#8221;off&#8221; use_overlay=&#8221;off&#8221; animation=&#8221;fade_in&#8221; sticky=&#8221;off&#8221; align=&#8221;center&#8221; force_fullwidth=&#8221;off&#8221; always_center_on_mobile=&#8221;on&#8221; use_border_color=&#8221;off&#8221; border_color=&#8221;#ffffff&#8221; border_style=&#8221;solid&#8221;]<\/p>\n<p>&nbsp;<\/p>\n<p>[\/et_pb_image][et_pb_image src=&#8221;https:\/\/inginerie.aero\/wp-content\/uploads\/2016\/12\/Polizu1931.jpg&#8221; title_text=&#8221;Polizu&#8221; show_in_lightbox=&#8221;off&#8221; url_new_window=&#8221;off&#8221; use_overlay=&#8221;off&#8221; animation=&#8221;left&#8221; sticky=&#8221;off&#8221; align=&#8221;left&#8221; force_fullwidth=&#8221;off&#8221; always_center_on_mobile=&#8221;on&#8221; use_border_color=&#8221;off&#8221; border_color=&#8221;#ffffff&#8221; border_style=&#8221;solid&#8221;]<\/p>\n<p>&nbsp;<\/p>\n<p>[\/et_pb_image][et_pb_image src=&#8221;https:\/\/inginerie.aero\/wp-content\/uploads\/2016\/12\/Inaugurare3.jpg&#8221; title_text=&#8221;Inaugurare 7 mai 1931&#8243; show_in_lightbox=&#8221;off&#8221; url_new_window=&#8221;off&#8221; use_overlay=&#8221;off&#8221; animation=&#8221;left&#8221; sticky=&#8221;off&#8221; align=&#8221;left&#8221; force_fullwidth=&#8221;off&#8221; always_center_on_mobile=&#8221;on&#8221; use_border_color=&#8221;off&#8221; border_color=&#8221;#ffffff&#8221; border_style=&#8221;solid&#8221;]<\/p>\n<p>&nbsp;<\/p>\n<p>[\/et_pb_image][et_pb_image src=&#8221;https:\/\/inginerie.aero\/wp-content\/uploads\/2016\/12\/Inaugurare5.jpg&#8221; title_text=&#8221;Inaugurare 7 mai 1931&#8243; show_in_lightbox=&#8221;off&#8221; url_new_window=&#8221;off&#8221; use_overlay=&#8221;off&#8221; animation=&#8221;left&#8221; sticky=&#8221;off&#8221; align=&#8221;left&#8221; force_fullwidth=&#8221;off&#8221; always_center_on_mobile=&#8221;on&#8221; use_border_color=&#8221;off&#8221; border_color=&#8221;#ffffff&#8221; border_style=&#8221;solid&#8221;]<\/p>\n<p>&nbsp;<\/p>\n<p>[\/et_pb_image][\/et_pb_column_inner][\/et_pb_row_inner][et_pb_row_inner admin_label=&#8221;Row&#8221;][et_pb_column_inner type=&#8221;4_4&#8243; saved_specialty_column_type=&#8221;3_4&#8243;][et_pb_text background_layout=&#8221;light&#8221; text_orientation=&#8221;justified&#8221; use_border_color=&#8221;off&#8221; border_color=&#8221;#ffffff&#8221; border_style=&#8221;solid&#8221;]<\/p>\n<p>\u00cen acest tunel au fost validate experimental practic toate modelele de avioane produse de industria aeronautic\u0103 a Rom\u00e2niei antebelice, incluz\u00e2nd IAR-80, unul din cele mai performante avioane de lupt\u0103 din al doilea R\u0103zboi Mondial. Personalit\u0103\u021bi importante ale avia\u021biei rom\u00e2ne\u0219ti s-au format la aceast\u0103 \u0219coal\u0103 de elit\u0103: Acad. Virgiliu Constantinescu, Acad. Radu Voinea, Prof. Nicolae Tipei, Prof. Liviu Librescu.<\/p>\n<p>[\/et_pb_text][et_pb_video _builder_version=&#8221;3.0.92&#8243; src=&#8221;\/big_files\/iar80_sim_promo_logo.mp4&#8243; src_webm=&#8221;\/big_files\/iar80_sim_promo_logo.webm&#8221; image_src=&#8221;https:\/\/inginerie.aero\/wp-content\/uploads\/2019\/06\/IAR80.png&#8221; \/][et_pb_text background_layout=&#8221;light&#8221; text_orientation=&#8221;justified&#8221; use_border_color=&#8221;off&#8221; border_color=&#8221;#ffffff&#8221; border_style=&#8221;solid&#8221; _builder_version=&#8221;3.0.92&#8243;]<\/p>\n<p>\u00cen 1971, se \u00eenfiin\u021beaz\u0103 Facultatea de Construc\u021bii Aerospa\u021biale, ca facultate separat\u0103, sub conducerea Decanului Prof. Victor Pimsner. \u00cen scurt timp este redenumit\u0103 Facultatea de Aeronave \u0219i apoi Facultatea de Inginerie Aerospa\u021bial\u0103.<\/p>\n<p>Facultatea s-a dezvoltat \u00een str\u00e2ns\u0103 corela\u021bie cu industria aeronautic\u0103 na\u021bional\u0103, care a avut o perioad\u0103 \u00eenfloritoare de la \u00eenceputurile avia\u021biei mondiale p\u00e2n\u0103 \u00een 1945, c\u00e2nd Rom\u00e2nia \u00een calitate de \u021bar\u0103 \u00eenvins\u0103 \u00een al doilea R\u0103zboi Mondial, \u0219i-a pierdut dreptul de a mai avea o industrie aeronautic\u0103. Revenirea Rom\u00e2niei \u00een acest domeniu s-a realizat \u00een anii 1970, odat\u0103 cu \u00eenfiin\u021barea Insitutului Na\u021bional de Cercet\u0103ri Aerospa\u021biale de c\u0103tre Acad. Henri Coand\u0103 (actualmente <u>INCAS<\/u>) \u0219i a \u00eentreprinderilor de construc\u021bii de aeronave la Bucure\u0219ti, Bra\u0219ov, Craiova \u0219i Bac\u0103u.<\/p>\n<p>Cosmonautul Dumitru Dorin Prunariu, unul dintre absolven\u021bii de v\u00e2rf ai facult\u0103\u021bii a f\u0103cut istorie \u00een 1981, c\u00e2nd a realizat primul zbor spa\u021bial al unui rom\u00e2n, la bordul sta\u021biei spa\u021biale Soyuz, dar \u0219i \u00een 1991 c\u00e2nd a \u00eenfiin\u021bat <u>Agen\u021bia Spa\u021bial\u0103 Rom\u00e2n\u0103 (ROSA)<\/u>. Din 2011 Rom\u00e2nia este stat membru al <u>Agen\u021biei Spa\u021biale Europene<\/u>, cu importante realiz\u0103ri \u00een cercetarea spa\u021bial\u0103.<\/p>\n<p>[\/et_pb_text][et_pb_image src=&#8221;https:\/\/inginerie.aero\/wp-content\/uploads\/2016\/12\/Dumitru-Prunariu-Soyuz-01.jpg&#8221; title_text=&#8221;Dumitru Dorin Prunariu, primul cosmonaut roman in spatiu&#8221; show_in_lightbox=&#8221;off&#8221; url_new_window=&#8221;off&#8221; use_overlay=&#8221;off&#8221; animation=&#8221;fade_in&#8221; sticky=&#8221;off&#8221; align=&#8221;center&#8221; force_fullwidth=&#8221;off&#8221; always_center_on_mobile=&#8221;on&#8221; use_border_color=&#8221;off&#8221; border_color=&#8221;#ffffff&#8221; border_style=&#8221;solid&#8221;]<\/p>\n<p>&nbsp;<\/p>\n<p>[\/et_pb_image][et_pb_button _builder_version=&#8221;3.0.92&#8243; button_text=&#8221;Raportul despre Starea Facult\u0103\u021bii 2020&#8243; button_url=&#8221;https:\/\/inginerie.aero\/big_files\/Raportul_Decanului_FIA_2016-2020.pdf&#8221; url_new_window=&#8221;off&#8221; background_layout=&#8221;light&#8221; custom_button=&#8221;off&#8221; button_icon_placement=&#8221;right&#8221; \/][\/et_pb_column_inner][\/et_pb_row_inner][\/et_pb_column][et_pb_column type=&#8221;1_4&#8243;][et_pb_text background_layout=&#8221;light&#8221; text_orientation=&#8221;left&#8221; header_font_size=&#8221;49px&#8221; use_border_color=&#8221;off&#8221; border_style=&#8221;solid&#8221; disabled=&#8221;off&#8221;]<\/p>\n<p>Anunturi<\/p>\n<p>[\/et_pb_text][et_pb_divider color=&#8221;#bfbfbf&#8221; divider_style=&#8221;solid&#8221; divider_position=&#8221;top&#8221; divider_weight=&#8221;1px&#8221; hide_on_mobile=&#8221;on&#8221; disabled=&#8221;off&#8221;]<\/p>\n<p>&nbsp;<\/p>\n<p>[\/et_pb_divider][et_pb_blog fullwidth=&#8221;off&#8221; include_categories=&#8221;11&#8243; show_thumbnail=&#8221;off&#8221; show_content=&#8221;off&#8221; show_more=&#8221;on&#8221; show_author=&#8221;on&#8221; show_date=&#8221;on&#8221; show_categories=&#8221;off&#8221; show_comments=&#8221;off&#8221; show_pagination=&#8221;off&#8221; offset_number=&#8221;0&#8243; use_overlay=&#8221;off&#8221; background_layout=&#8221;light&#8221; use_dropshadow=&#8221;on&#8221; use_border_color=&#8221;off&#8221; border_color=&#8221;#ffffff&#8221; border_style=&#8221;solid&#8221; disabled=&#8221;off&#8221;]<\/p>\n<p>&nbsp;<\/p>\n<p>[\/et_pb_blog][\/et_pb_column][\/et_pb_section]<\/p>\n","protected":false},"excerpt":{"rendered":"<p>&nbsp; Facultatea de Inginerie Aerospa\u021bial\u0103 &#8211; Universitatea Politehnica din Bucure\u0219ti Istoria, se \u0219tie, Se poate repeta,\u00a0 Dar cei ce o vor scrie Vor scrie altceva. Prof. Corneliu Berbente Unul dintre domeniile \u00een care rom\u00e2nii au excelat \u00een toate etapele istorice ale acelui domeniu este avia\u021bia. Unii dintre pionierii avia\u021biei mondiale sunt rom\u00e2ni: Traian Vuia, Aurel [&hellip;]<\/p>\n","protected":false},"author":2,"featured_media":0,"parent":0,"menu_order":0,"comment_status":"closed","ping_status":"closed","template":"","meta":{"_et_pb_use_builder":"on","_et_pb_old_content":"","_et_gb_content_width":"","jetpack_post_was_ever_published":false,"footnotes":"","_links_to":"","_links_to_target":""},"categories":[],"tags":[],"class_list":["post-303","page","type-page","status-publish","hentry"],"yoast_head":"<!-- This site is optimized with the Yoast SEO plugin v24.3 - https:\/\/yoast.com\/wordpress\/plugins\/seo\/ -->\n<title>Istoria Facult\u0103\u021bii - Alumni Politehnica Aerospace Engineering<\/title>\n<meta name=\"robots\" content=\"index, follow, max-snippet:-1, max-image-preview:large, max-video-preview:-1\" \/>\n<link rel=\"canonical\" href=\"https:\/\/inginerie.aero\/index.php\/ro\/istoria-facultatii\/\" \/>\n<meta property=\"og:locale\" content=\"ro_RO\" \/>\n<meta property=\"og:type\" content=\"article\" \/>\n<meta property=\"og:title\" content=\"Istoria Facult\u0103\u021bii - Alumni Politehnica Aerospace Engineering\" \/>\n<meta property=\"og:description\" content=\"&nbsp; Facultatea de Inginerie Aerospa\u021bial\u0103 - Universitatea Politehnica din Bucure\u0219ti Istoria, se \u0219tie, Se poate repeta,\u00a0 Dar cei ce o vor scrie Vor scrie altceva. Prof. Corneliu Berbente Unul dintre domeniile \u00een care rom\u00e2nii au excelat \u00een toate etapele istorice ale acelui domeniu este avia\u021bia. Unii dintre pionierii avia\u021biei mondiale sunt rom\u00e2ni: Traian Vuia, Aurel [&hellip;]\" \/>\n<meta property=\"og:url\" content=\"https:\/\/inginerie.aero\/index.php\/ro\/istoria-facultatii\/\" \/>\n<meta property=\"og:site_name\" content=\"Alumni Politehnica Aerospace Engineering\" \/>\n<meta property=\"article:publisher\" content=\"https:\/\/www.facebook.com\/groups\/InginerieAerospatiala\/\" \/>\n<meta property=\"article:modified_time\" content=\"2021-03-11T14:44:35+00:00\" \/>\n<meta name=\"twitter:card\" content=\"summary_large_image\" \/>\n<meta name=\"twitter:label1\" content=\"Timp estimat pentru citire\" \/>\n\t<meta name=\"twitter:data1\" content=\"9 minute\" \/>\n<script type=\"application\/ld+json\" class=\"yoast-schema-graph\">{\"@context\":\"https:\/\/schema.org\",\"@graph\":[{\"@type\":\"WebPage\",\"@id\":\"https:\/\/inginerie.aero\/index.php\/ro\/istoria-facultatii\/\",\"url\":\"https:\/\/inginerie.aero\/index.php\/ro\/istoria-facultatii\/\",\"name\":\"Istoria Facult\u0103\u021bii - Alumni Politehnica Aerospace Engineering\",\"isPartOf\":{\"@id\":\"https:\/\/inginerie.aero\/#website\"},\"datePublished\":\"2016-12-24T15:40:30+00:00\",\"dateModified\":\"2021-03-11T14:44:35+00:00\",\"breadcrumb\":{\"@id\":\"https:\/\/inginerie.aero\/index.php\/ro\/istoria-facultatii\/#breadcrumb\"},\"inLanguage\":\"ro-RO\",\"potentialAction\":[{\"@type\":\"ReadAction\",\"target\":[\"https:\/\/inginerie.aero\/index.php\/ro\/istoria-facultatii\/\"]}]},{\"@type\":\"BreadcrumbList\",\"@id\":\"https:\/\/inginerie.aero\/index.php\/ro\/istoria-facultatii\/#breadcrumb\",\"itemListElement\":[{\"@type\":\"ListItem\",\"position\":1,\"name\":\"Acas\u0103\",\"item\":\"https:\/\/inginerie.aero\/index.php\/ro\/acasa\/\"},{\"@type\":\"ListItem\",\"position\":2,\"name\":\"Istoria Facult\u0103\u021bii\"}]},{\"@type\":\"WebSite\",\"@id\":\"https:\/\/inginerie.aero\/#website\",\"url\":\"https:\/\/inginerie.aero\/\",\"name\":\"Facultatea de Inginerie Aerospatiala\",\"description\":\"Site-ul Asociatiei de Alumni ai Facultatii de Inginerie Aerospatiala din cadrul Universitatii POLITEHNICA Bucuresti\",\"publisher\":{\"@id\":\"https:\/\/inginerie.aero\/#organization\"},\"potentialAction\":[{\"@type\":\"SearchAction\",\"target\":{\"@type\":\"EntryPoint\",\"urlTemplate\":\"https:\/\/inginerie.aero\/?s={search_term_string}\"},\"query-input\":{\"@type\":\"PropertyValueSpecification\",\"valueRequired\":true,\"valueName\":\"search_term_string\"}}],\"inLanguage\":\"ro-RO\"},{\"@type\":\"Organization\",\"@id\":\"https:\/\/inginerie.aero\/#organization\",\"name\":\"University Politehnica of Bucharest Faculty of Aerospace Engineering\",\"url\":\"https:\/\/inginerie.aero\/\",\"logo\":{\"@type\":\"ImageObject\",\"inLanguage\":\"ro-RO\",\"@id\":\"https:\/\/inginerie.aero\/#\/schema\/logo\/image\/\",\"url\":\"https:\/\/inginerie.aero\/wp-content\/uploads\/2017\/03\/sigla1.png\",\"contentUrl\":\"https:\/\/inginerie.aero\/wp-content\/uploads\/2017\/03\/sigla1.png\",\"width\":734,\"height\":735,\"caption\":\"University Politehnica of Bucharest Faculty of Aerospace Engineering\"},\"image\":{\"@id\":\"https:\/\/inginerie.aero\/#\/schema\/logo\/image\/\"},\"sameAs\":[\"https:\/\/www.facebook.com\/groups\/InginerieAerospatiala\/\"]}]}<\/script>\n<!-- \/ Yoast SEO plugin. -->","yoast_head_json":{"title":"Istoria Facult\u0103\u021bii - Alumni Politehnica Aerospace Engineering","robots":{"index":"index","follow":"follow","max-snippet":"max-snippet:-1","max-image-preview":"max-image-preview:large","max-video-preview":"max-video-preview:-1"},"canonical":"https:\/\/inginerie.aero\/index.php\/ro\/istoria-facultatii\/","og_locale":"ro_RO","og_type":"article","og_title":"Istoria Facult\u0103\u021bii - Alumni Politehnica Aerospace Engineering","og_description":"&nbsp; Facultatea de Inginerie Aerospa\u021bial\u0103 - Universitatea Politehnica din Bucure\u0219ti Istoria, se \u0219tie, Se poate repeta,\u00a0 Dar cei ce o vor scrie Vor scrie altceva. Prof. Corneliu Berbente Unul dintre domeniile \u00een care rom\u00e2nii au excelat \u00een toate etapele istorice ale acelui domeniu este avia\u021bia. Unii dintre pionierii avia\u021biei mondiale sunt rom\u00e2ni: Traian Vuia, Aurel [&hellip;]","og_url":"https:\/\/inginerie.aero\/index.php\/ro\/istoria-facultatii\/","og_site_name":"Alumni Politehnica Aerospace Engineering","article_publisher":"https:\/\/www.facebook.com\/groups\/InginerieAerospatiala\/","article_modified_time":"2021-03-11T14:44:35+00:00","twitter_card":"summary_large_image","twitter_misc":{"Timp estimat pentru citire":"9 minute"},"schema":{"@context":"https:\/\/schema.org","@graph":[{"@type":"WebPage","@id":"https:\/\/inginerie.aero\/index.php\/ro\/istoria-facultatii\/","url":"https:\/\/inginerie.aero\/index.php\/ro\/istoria-facultatii\/","name":"Istoria Facult\u0103\u021bii - Alumni Politehnica Aerospace Engineering","isPartOf":{"@id":"https:\/\/inginerie.aero\/#website"},"datePublished":"2016-12-24T15:40:30+00:00","dateModified":"2021-03-11T14:44:35+00:00","breadcrumb":{"@id":"https:\/\/inginerie.aero\/index.php\/ro\/istoria-facultatii\/#breadcrumb"},"inLanguage":"ro-RO","potentialAction":[{"@type":"ReadAction","target":["https:\/\/inginerie.aero\/index.php\/ro\/istoria-facultatii\/"]}]},{"@type":"BreadcrumbList","@id":"https:\/\/inginerie.aero\/index.php\/ro\/istoria-facultatii\/#breadcrumb","itemListElement":[{"@type":"ListItem","position":1,"name":"Acas\u0103","item":"https:\/\/inginerie.aero\/index.php\/ro\/acasa\/"},{"@type":"ListItem","position":2,"name":"Istoria Facult\u0103\u021bii"}]},{"@type":"WebSite","@id":"https:\/\/inginerie.aero\/#website","url":"https:\/\/inginerie.aero\/","name":"Facultatea de Inginerie Aerospatiala","description":"Site-ul Asociatiei de Alumni ai Facultatii de Inginerie Aerospatiala din cadrul Universitatii POLITEHNICA Bucuresti","publisher":{"@id":"https:\/\/inginerie.aero\/#organization"},"potentialAction":[{"@type":"SearchAction","target":{"@type":"EntryPoint","urlTemplate":"https:\/\/inginerie.aero\/?s={search_term_string}"},"query-input":{"@type":"PropertyValueSpecification","valueRequired":true,"valueName":"search_term_string"}}],"inLanguage":"ro-RO"},{"@type":"Organization","@id":"https:\/\/inginerie.aero\/#organization","name":"University Politehnica of Bucharest Faculty of Aerospace Engineering","url":"https:\/\/inginerie.aero\/","logo":{"@type":"ImageObject","inLanguage":"ro-RO","@id":"https:\/\/inginerie.aero\/#\/schema\/logo\/image\/","url":"https:\/\/inginerie.aero\/wp-content\/uploads\/2017\/03\/sigla1.png","contentUrl":"https:\/\/inginerie.aero\/wp-content\/uploads\/2017\/03\/sigla1.png","width":734,"height":735,"caption":"University Politehnica of Bucharest Faculty of Aerospace Engineering"},"image":{"@id":"https:\/\/inginerie.aero\/#\/schema\/logo\/image\/"},"sameAs":["https:\/\/www.facebook.com\/groups\/InginerieAerospatiala\/"]}]}},"jetpack_sharing_enabled":true,"jetpack_shortlink":"https:\/\/wp.me\/Pbbi8l-4T","_links":{"self":[{"href":"https:\/\/inginerie.aero\/index.php\/wp-json\/wp\/v2\/pages\/303","targetHints":{"allow":["GET"]}}],"collection":[{"href":"https:\/\/inginerie.aero\/index.php\/wp-json\/wp\/v2\/pages"}],"about":[{"href":"https:\/\/inginerie.aero\/index.php\/wp-json\/wp\/v2\/types\/page"}],"author":[{"embeddable":true,"href":"https:\/\/inginerie.aero\/index.php\/wp-json\/wp\/v2\/users\/2"}],"replies":[{"embeddable":true,"href":"https:\/\/inginerie.aero\/index.php\/wp-json\/wp\/v2\/comments?post=303"}],"version-history":[{"count":21,"href":"https:\/\/inginerie.aero\/index.php\/wp-json\/wp\/v2\/pages\/303\/revisions"}],"predecessor-version":[{"id":26243,"href":"https:\/\/inginerie.aero\/index.php\/wp-json\/wp\/v2\/pages\/303\/revisions\/26243"}],"wp:attachment":[{"href":"https:\/\/inginerie.aero\/index.php\/wp-json\/wp\/v2\/media?parent=303"}],"wp:term":[{"taxonomy":"category","embeddable":true,"href":"https:\/\/inginerie.aero\/index.php\/wp-json\/wp\/v2\/categories?post=303"},{"taxonomy":"post_tag","embeddable":true,"href":"https:\/\/inginerie.aero\/index.php\/wp-json\/wp\/v2\/tags?post=303"}],"curies":[{"name":"wp","href":"https:\/\/api.w.org\/{rel}","templated":true}]}}