{"id":3247,"date":"2017-05-29T15:19:15","date_gmt":"2017-05-29T12:19:15","guid":{"rendered":"https:\/\/inginerie.aero\/?page_id=3247"},"modified":"2020-02-24T17:02:05","modified_gmt":"2020-02-24T15:02:05","slug":"nicolae-tipei-department-aeronautical-systems-engineering-aeronautical-management","status":"publish","type":"page","link":"https:\/\/inginerie.aero\/index.php\/en\/nicolae-tipei-department-aeronautical-systems-engineering-aeronautical-management\/","title":{"rendered":"\u201dNicolae Tipei\u201d Department of Aeronautical Systems Engineering and Aeronautical Management"},"content":{"rendered":"<p>[et_pb_section bb_built=&#8221;1&#8243; fullwidth=&#8221;on&#8221; specialty=&#8221;off&#8221; transparent_background=&#8221;off&#8221; allow_player_pause=&#8221;off&#8221; inner_shadow=&#8221;off&#8221; parallax=&#8221;off&#8221; parallax_method=&#8221;off&#8221; padding_mobile=&#8221;off&#8221; make_fullwidth=&#8221;off&#8221; use_custom_width=&#8221;off&#8221; width_unit=&#8221;on&#8221; make_equal=&#8221;off&#8221; use_custom_gutter=&#8221;off&#8221; background_color=&#8221;rgba(23,23,23,0.6)&#8221; custom_padding_tablet=&#8221;50px|0|50px|0&#8243; custom_padding_last_edited=&#8221;on|desktop&#8221;][et_pb_fullwidth_post_title title=&#8221;on&#8221; meta=&#8221;off&#8221; author=&#8221;off&#8221; date=&#8221;off&#8221; categories=&#8221;off&#8221; comments=&#8221;off&#8221; featured_image=&#8221;off&#8221; featured_placement=&#8221;below&#8221; parallax_effect=&#8221;on&#8221; parallax_method=&#8221;off&#8221; text_orientation=&#8221;left&#8221; text_color=&#8221;dark&#8221; text_background=&#8221;off&#8221; text_bg_color=&#8221;rgba(255,255,255,0.9)&#8221; module_bg_color=&#8221;#e3e3e3&#8243; title_all_caps=&#8221;off&#8221; use_border_color=&#8221;off&#8221; border_color=&#8221;#ffffff&#8221; border_style=&#8221;solid&#8221; parallax=&#8221;on&#8221; background_color=&#8221;#e3e3e3&#8243;]<br \/>\n[\/et_pb_fullwidth_post_title][\/et_pb_section][et_pb_section bb_built=&#8221;1&#8243; transparent_background=&#8221;off&#8221; allow_player_pause=&#8221;off&#8221; inner_shadow=&#8221;off&#8221; parallax=&#8221;off&#8221; parallax_method=&#8221;on&#8221; padding_mobile=&#8221;off&#8221; make_fullwidth=&#8221;off&#8221; use_custom_width=&#8221;off&#8221; width_unit=&#8221;off&#8221; custom_width_px=&#8221;1080px&#8221; custom_width_percent=&#8221;80%&#8221; make_equal=&#8221;off&#8221; use_custom_gutter=&#8221;off&#8221; fullwidth=&#8221;off&#8221; specialty=&#8221;on&#8221; disabled=&#8221;off&#8221; custom_padding_tablet=&#8221;50px|0|50px|0&#8243; custom_padding_last_edited=&#8221;on|desktop&#8221;][et_pb_column type=&#8221;3_4&#8243; specialty_columns=&#8221;3&#8243;][et_pb_row_inner admin_label=&#8221;Row&#8221; padding_mobile=&#8221;off&#8221; use_custom_gutter=&#8221;off&#8221; make_equal=&#8221;off&#8221; column_padding_mobile=&#8221;off&#8221; parallax_1=&#8221;off&#8221; parallax_method_1=&#8221;on&#8221; parallax_2=&#8221;off&#8221; parallax_method_2=&#8221;on&#8221; parallax_3=&#8221;off&#8221; parallax_method_3=&#8221;on&#8221; disabled=&#8221;off&#8221;][et_pb_column_inner type=&#8221;4_4&#8243; saved_specialty_column_type=&#8221;3_4&#8243;][et_pb_text admin_label=&#8221;Elections 2020&#8243; _builder_version=&#8221;3.0.92&#8243; background_layout=&#8221;light&#8221;]<\/p>\n<p>Elections for the management of the department 2020.<\/p>\n<ul>\n<li>The departmental meeting will be held on Thursday, February 27, 2020, at 10, room E013. The election rules are <a href=\"https:\/\/upb.ro\/wp-content\/uploads\/2017\/11\/Regulamentul-privind-organizarea-si-desfasurarea-alegerilor-in-UPB-1.pdf\" target=\"_blank\" rel=\"noopener noreferrer\">here (in romanian)<\/a>.<\/li>\n<li>The managerial plans of the candidates for the position of department director (in Romanian):\n<ul>\n<li><a href=\"https:\/\/inginerie.aero\/wp-content\/uploads\/2020\/02\/Program_managerial_Chelaru.pdf\" target=\"_blank\" rel=\"noopener noreferrer\">Prof. Dr. Eng. Teodor-Viorel CHELARU<\/a><\/li>\n<li><a href=\"https:\/\/inginerie.aero\/wp-content\/uploads\/2020\/02\/Plan-managerial_GMO.pdf\" target=\"_blank\" rel=\"noopener noreferrer\">Prof. Dr. Eng. Octavian GRIGORE-M\u00dcLER<\/a><\/li>\n<\/ul>\n<\/li>\n<\/ul>\n<p>[\/et_pb_text][et_pb_text admin_label=&#8221;Tabel CD Departament&#8221; background_layout=&#8221;light&#8221; text_orientation=&#8221;left&#8221; use_border_color=&#8221;off&#8221; border_color=&#8221;#ffffff&#8221; border_style=&#8221;solid&#8221;] \n<table id=\"tablepress-20\" class=\"tablepress tablepress-id-20\">\n<tbody class=\"row-striping row-hover\">\n<tr class=\"row-1\">\n\t<td class=\"column-1\">Prof. Dr. Eng. Adrian-Mihail Stoica<\/td><td class=\"column-2\">Department Director - Doctoral School Director<\/td>\n<\/tr>\n<tr class=\"row-2\">\n\t<td class=\"column-1\">Prof. Dr. Eng. Teodor Viorel Chelaru<\/td><td class=\"column-2\">Head of Aerospace Research Center - Member in Dept. Council<\/td>\n<\/tr>\n<tr class=\"row-3\">\n\t<td class=\"column-1\">Prof. Dr. Eng. Sorin Eugen Zaharia<\/td><td class=\"column-2\"><\/td>\n<\/tr>\n<tr class=\"row-4\">\n\t<td class=\"column-1\">Prof. Dr. Eng. Octavian Grigore Muller<\/td><td class=\"column-2\"><\/td>\n<\/tr>\n<tr class=\"row-5\">\n\t<td class=\"column-1\">Lect. Dr. Eng. Silviu Zancu<\/td><td class=\"column-2\"><\/td>\n<\/tr>\n<tr class=\"row-6\">\n\t<td class=\"column-1\">Lect. Dr. Eng. Cristian Emil Constantinescu<\/td><td class=\"column-2\">Vice Dean<\/td>\n<\/tr>\n<tr class=\"row-7\">\n\t<td class=\"column-1\">Lect. Dr. Eng. Sorin Berbente<\/td><td class=\"column-2\"><\/td>\n<\/tr>\n<tr class=\"row-8\">\n\t<td class=\"column-1\">Lect. Dr. Eng. Gabriela Liliana Stroe<\/td><td class=\"column-2\"><\/td>\n<\/tr>\n<tr class=\"row-9\">\n\t<td class=\"column-1\">Lect. Dr. Eng. Mihai Alexandru Barbelian<\/td><td class=\"column-2\"><\/td>\n<\/tr>\n<tr class=\"row-10\">\n\t<td class=\"column-1\">Lect. Dr. Eng. Valentin Pan\u0103<\/td><td class=\"column-2\"><\/td>\n<\/tr>\n<tr class=\"row-11\">\n\t<td class=\"column-1\">Lect. Dr. Eng. Casandra Venera Pietreanu<\/td><td class=\"column-2\"><\/td>\n<\/tr>\n<tr class=\"row-12\">\n\t<td class=\"column-1\">Assist. Prof. Dr. Eng. Costin Ene<\/td><td class=\"column-2\"><\/td>\n<\/tr>\n<tr class=\"row-13\">\n\t<td class=\"column-1\">Assist. Prof. Eng. Cornel Dinu<\/td><td class=\"column-2\"><\/td>\n<\/tr>\n<\/tbody>\n<\/table>\n<!-- #tablepress-20 from cache --> [\/et_pb_text][et_pb_divider admin_label=&#8221;Divizor&#8221; color=&#8221;#ffffff&#8221; show_divider=&#8221;on&#8221; divider_style=&#8221;solid&#8221; divider_position=&#8221;top&#8221; hide_on_mobile=&#8221;on&#8221;]<br \/>\n[\/et_pb_divider][et_pb_text admin_label=&#8221;Contact&#8221; background_layout=&#8221;light&#8221; text_orientation=&#8221;left&#8221; use_border_color=&#8221;off&#8221; border_color=&#8221;#ffffff&#8221; border_style=&#8221;solid&#8221;]<\/p>\n<h4>Contact<\/h4>\n<p>Director:<\/p>\n<p style=\"padding-left: 30px;\">Prof. Dr. Eng. Adrian Mihail STOICA (<span lang=\"ro-RO\">adrian.stoica@upb.ro) <\/span><\/p>\n<p>Headquarters:<\/p>\n<p style=\"padding-left: 30px;\">Room E-014, Campus Polizu<\/p>\n<p>Secretary:<\/p>\n<p style=\"padding-left: 30px;\">Elena GRIDAN (gridane@yahoo.com) tel. 004021-402-3875<\/p>\n<p>&nbsp;<\/p>\n<p>[\/et_pb_text][\/et_pb_column_inner][\/et_pb_row_inner][\/et_pb_column][et_pb_column type=&#8221;1_4&#8243;][et_pb_text background_layout=&#8221;light&#8221; text_orientation=&#8221;left&#8221; header_font_size=&#8221;49px&#8221; use_border_color=&#8221;off&#8221; border_style=&#8221;solid&#8221; disabled=&#8221;off&#8221; border_color=&#8221;#ffffff&#8221;]<\/p>\n<p><strong>Latest departmental posts<\/strong><\/p>\n<p>[\/et_pb_text][et_pb_divider color=&#8221;#bfbfbf&#8221; divider_style=&#8221;solid&#8221; divider_position=&#8221;top&#8221; divider_weight=&#8221;1px&#8221; hide_on_mobile=&#8221;on&#8221; disabled=&#8221;off&#8221;]<br \/>\n[\/et_pb_divider][et_pb_text background_layout=&#8221;light&#8221; text_orientation=&#8221;left&#8221; use_border_color=&#8221;on&#8221; border_color=&#8221;#2ea3f2&#8243; border_style=&#8221;solid&#8221; text_text_color=&#8221;#ffffff&#8221; background_color=&#8221;#2ea3f2&#8243; border_width=&#8221;10px&#8221;]<\/p>\n<p>Sesiunea de comunic\u0103ri \u0219tiin\u021bifice se desf\u0103\u0219oar\u0103 anul acesta Vineri, 12 mai 2017 \u00een sala G01 \u00eencep\u00e2nd cu ora 9.00. Cei interesa\u021bi se pot \u00eenscrie p\u00e2n\u0103 pe 2 mai 2017 inclusiv, la secretariatul departamentului \u201eNicolaie Tipei\u201d.<\/p>\n<p>Programul sesiunii este disponibil <span style=\"color: #000000;\"><a style=\"color: #000000;\" href=\"https:\/\/inginerie.aero\/wp-content\/uploads\/2017\/05\/Program_Sesiunea_de_Comunicari_Stiintifice_Studentesti_N_Tipei_Mai_2017.pdf\" target=\"_blank\" rel=\"noopener noreferrer\">aici<\/a><\/span>.<\/p>\n<p>[\/et_pb_text][\/et_pb_column][\/et_pb_section]<\/p>\n","protected":false},"excerpt":{"rendered":"<p>Elections for the management of the department 2020. The departmental meeting will be held on Thursday, February 27, 2020, at 10, room E013. The election rules are here (in romanian). The managerial plans of the candidates for the position of department director (in Romanian): Prof. Dr. Eng. Teodor-Viorel CHELARU Prof. Dr. Eng. Octavian GRIGORE-M\u00dcLER [table \u201c\u201d not found \/]<br \/>\n<\/p>\n","protected":false},"author":5,"featured_media":0,"parent":0,"menu_order":0,"comment_status":"closed","ping_status":"closed","template":"","meta":{"_et_pb_use_builder":"on","_et_pb_old_content":"<p>[et_pb_section admin_label=\"Section\" fullwidth=\"on\" specialty=\"off\" transparent_background=\"off\" allow_player_pause=\"off\" inner_shadow=\"off\" parallax=\"off\" parallax_method=\"off\" padding_mobile=\"off\" make_fullwidth=\"off\" use_custom_width=\"off\" width_unit=\"on\" make_equal=\"off\" use_custom_gutter=\"off\" background_color=\"rgba(23,23,23,0.6)\"][et_pb_fullwidth_post_title admin_label=\"Fullwidth Post Title\" title=\"on\" meta=\"off\" author=\"off\" date=\"off\" categories=\"off\" comments=\"off\" featured_image=\"off\" featured_placement=\"below\" parallax_effect=\"on\" parallax_method=\"on\" text_orientation=\"left\" text_color=\"dark\" text_background=\"off\" text_bg_color=\"rgba(255,255,255,0.9)\" module_bg_color=\"#e3e3e3\" title_all_caps=\"off\" use_border_color=\"off\" border_color=\"#ffffff\" border_style=\"solid\"] [\/et_pb_fullwidth_post_title][\/et_pb_section][et_pb_section admin_label=\"Section\" transparent_background=\"off\" allow_player_pause=\"off\" inner_shadow=\"off\" parallax=\"off\" parallax_method=\"on\" padding_mobile=\"off\" make_fullwidth=\"off\" use_custom_width=\"off\" width_unit=\"off\" custom_width_px=\"1080px\" custom_width_percent=\"80%\" make_equal=\"off\" use_custom_gutter=\"off\" fullwidth=\"off\" specialty=\"on\" disabled=\"off\"][et_pb_column type=\"3_4\" specialty_columns=\"3\"][et_pb_row_inner admin_label=\"Row\" padding_mobile=\"off\" use_custom_gutter=\"off\" make_equal=\"off\" column_padding_mobile=\"off\" parallax_1=\"off\" parallax_method_1=\"on\" parallax_2=\"off\" parallax_method_2=\"on\" parallax_3=\"off\" parallax_method_3=\"on\" disabled=\"off\"][et_pb_column_inner type=\"4_4\" saved_specialty_column_type=\"3_4\"][et_pb_text admin_label=\"Tabel CD Departament\" background_layout=\"light\" text_orientation=\"left\" use_border_color=\"off\" border_color=\"#ffffff\" border_style=\"solid\"] [table id=10 \/] [\/et_pb_text][et_pb_divider admin_label=\"Divizor\" color=\"#ffffff\" show_divider=\"on\" divider_style=\"solid\" divider_position=\"top\" hide_on_mobile=\"on\"] [\/et_pb_divider][et_pb_text admin_label=\"Contact\" background_layout=\"light\" text_orientation=\"left\" use_border_color=\"off\" border_color=\"#ffffff\" border_style=\"solid\"]<\/p><h4>Contact<\/h4><p>Director:<\/p><p style=\"padding-left: 30px;\">Prof.dr.ing. Adrian Mihail STOICA (<span lang=\"ro-RO\">adrian.stoica@upb.ro) <\/span><\/p><p>Sediu:<\/p><p style=\"padding-left: 30px;\">Sala E-014, Local Polizu<\/p><p>Secretar\u0103:<\/p><p style=\"padding-left: 30px;\">Elena GRIDAN (gridane@yahoo.com) tel. 021-402-3875<\/p><p>\u00a0<\/p><p>[\/et_pb_text][\/et_pb_column_inner][\/et_pb_row_inner][\/et_pb_column][et_pb_column type=\"1_4\"][et_pb_text admin_label=\"Text\" background_layout=\"light\" text_orientation=\"left\" header_font_size=\"49px\" use_border_color=\"off\" border_style=\"solid\" disabled=\"off\" border_color=\"#ffffff\"]<\/p><p><strong>Anun\u021buri departament<\/strong><\/p><p>[\/et_pb_text][et_pb_divider admin_label=\"Divider\" color=\"#bfbfbf\" divider_style=\"solid\" divider_position=\"top\" divider_weight=\"1px\" hide_on_mobile=\"on\" disabled=\"off\"] [\/et_pb_divider][et_pb_text admin_label=\"Text\" background_layout=\"light\" text_orientation=\"left\" use_border_color=\"on\" border_color=\"#2ea3f2\" border_style=\"solid\" text_text_color=\"#ffffff\" background_color=\"#2ea3f2\" border_width=\"10px\"]<\/p><p>Sesiunea de comunic\u0103ri \u0219tiin\u021bifice se desf\u0103\u0219oar\u0103 anul acesta Vineri, 12 mai 2017 \u00een sala G01 \u00eencep\u00e2nd cu ora 9.00. Cei interesa\u021bi se pot \u00eenscrie p\u00e2n\u0103 pe 2 mai 2017 inclusiv, la secretariatul departamentului \u201eNicolaie Tipei\u201d.<\/p><p>Programul sesiunii este disponibil <span style=\"color: #000000;\"><a style=\"color: #000000;\" href=\"https:\/\/inginerie.aero\/wp-content\/uploads\/2017\/05\/Program_Sesiunea_de_Comunicari_Stiintifice_Studentesti_N_Tipei_Mai_2017.pdf\" target=\"_blank\" rel=\"noopener noreferrer\">aici<\/a><\/span>.<\/p><p>[\/et_pb_text][\/et_pb_column][\/et_pb_section]<\/p>","_et_gb_content_width":"","jetpack_post_was_ever_published":false,"footnotes":"","_links_to":"","_links_to_target":""},"categories":[],"tags":[],"class_list":["post-3247","page","type-page","status-publish","hentry"],"yoast_head":"<!-- This site is optimized with the Yoast SEO plugin v24.3 - https:\/\/yoast.com\/wordpress\/plugins\/seo\/ -->\n<title>\u201dNicolae Tipei\u201d Department of Aeronautical Systems Engineering and Aeronautical Management - Alumni Politehnica Aerospace Engineering<\/title>\n<meta name=\"robots\" content=\"index, follow, max-snippet:-1, max-image-preview:large, max-video-preview:-1\" \/>\n<link rel=\"canonical\" href=\"https:\/\/inginerie.aero\/index.php\/en\/nicolae-tipei-department-aeronautical-systems-engineering-aeronautical-management\/\" \/>\n<meta property=\"og:locale\" content=\"ro_RO\" \/>\n<meta property=\"og:type\" content=\"article\" \/>\n<meta property=\"og:title\" content=\"\u201dNicolae Tipei\u201d Department of Aeronautical Systems Engineering and Aeronautical Management - Alumni Politehnica Aerospace Engineering\" \/>\n<meta property=\"og:description\" content=\"Elections for the management of the department 2020. The departmental meeting will be held on Thursday, February 27, 2020, at 10, room E013. The election rules are here (in romanian). The managerial plans of the candidates for the position of department director (in Romanian): Prof. Dr. Eng. Teodor-Viorel CHELARU Prof. Dr. Eng. Octavian GRIGORE-M\u00dcLER\" \/>\n<meta property=\"og:url\" content=\"https:\/\/inginerie.aero\/index.php\/en\/nicolae-tipei-department-aeronautical-systems-engineering-aeronautical-management\/\" \/>\n<meta property=\"og:site_name\" content=\"Alumni Politehnica Aerospace Engineering\" \/>\n<meta property=\"article:publisher\" content=\"https:\/\/www.facebook.com\/groups\/InginerieAerospatiala\/\" \/>\n<meta property=\"article:modified_time\" content=\"2020-02-24T15:02:05+00:00\" \/>\n<meta name=\"twitter:card\" content=\"summary_large_image\" \/>\n<meta name=\"twitter:label1\" content=\"Timp estimat pentru citire\" \/>\n\t<meta name=\"twitter:data1\" content=\"3 minute\" \/>\n<script type=\"application\/ld+json\" class=\"yoast-schema-graph\">{\"@context\":\"https:\/\/schema.org\",\"@graph\":[{\"@type\":\"WebPage\",\"@id\":\"https:\/\/inginerie.aero\/index.php\/en\/nicolae-tipei-department-aeronautical-systems-engineering-aeronautical-management\/\",\"url\":\"https:\/\/inginerie.aero\/index.php\/en\/nicolae-tipei-department-aeronautical-systems-engineering-aeronautical-management\/\",\"name\":\"\u201dNicolae Tipei\u201d Department of Aeronautical Systems Engineering and Aeronautical Management - Alumni Politehnica Aerospace Engineering\",\"isPartOf\":{\"@id\":\"https:\/\/inginerie.aero\/#website\"},\"datePublished\":\"2017-05-29T12:19:15+00:00\",\"dateModified\":\"2020-02-24T15:02:05+00:00\",\"breadcrumb\":{\"@id\":\"https:\/\/inginerie.aero\/index.php\/en\/nicolae-tipei-department-aeronautical-systems-engineering-aeronautical-management\/#breadcrumb\"},\"inLanguage\":\"ro-RO\",\"potentialAction\":[{\"@type\":\"ReadAction\",\"target\":[\"https:\/\/inginerie.aero\/index.php\/en\/nicolae-tipei-department-aeronautical-systems-engineering-aeronautical-management\/\"]}]},{\"@type\":\"BreadcrumbList\",\"@id\":\"https:\/\/inginerie.aero\/index.php\/en\/nicolae-tipei-department-aeronautical-systems-engineering-aeronautical-management\/#breadcrumb\",\"itemListElement\":[{\"@type\":\"ListItem\",\"position\":1,\"name\":\"Acas\u0103\",\"item\":\"https:\/\/inginerie.aero\/index.php\/ro\/acasa\/\"},{\"@type\":\"ListItem\",\"position\":2,\"name\":\"\u201dNicolae Tipei\u201d Department of Aeronautical Systems Engineering and Aeronautical Management\"}]},{\"@type\":\"WebSite\",\"@id\":\"https:\/\/inginerie.aero\/#website\",\"url\":\"https:\/\/inginerie.aero\/\",\"name\":\"Facultatea de Inginerie Aerospatiala\",\"description\":\"Site-ul Asociatiei de Alumni ai Facultatii de Inginerie Aerospatiala din cadrul Universitatii POLITEHNICA Bucuresti\",\"publisher\":{\"@id\":\"https:\/\/inginerie.aero\/#organization\"},\"potentialAction\":[{\"@type\":\"SearchAction\",\"target\":{\"@type\":\"EntryPoint\",\"urlTemplate\":\"https:\/\/inginerie.aero\/?s={search_term_string}\"},\"query-input\":{\"@type\":\"PropertyValueSpecification\",\"valueRequired\":true,\"valueName\":\"search_term_string\"}}],\"inLanguage\":\"ro-RO\"},{\"@type\":\"Organization\",\"@id\":\"https:\/\/inginerie.aero\/#organization\",\"name\":\"University Politehnica of Bucharest Faculty of Aerospace Engineering\",\"url\":\"https:\/\/inginerie.aero\/\",\"logo\":{\"@type\":\"ImageObject\",\"inLanguage\":\"ro-RO\",\"@id\":\"https:\/\/inginerie.aero\/#\/schema\/logo\/image\/\",\"url\":\"https:\/\/inginerie.aero\/wp-content\/uploads\/2017\/03\/sigla1.png\",\"contentUrl\":\"https:\/\/inginerie.aero\/wp-content\/uploads\/2017\/03\/sigla1.png\",\"width\":734,\"height\":735,\"caption\":\"University Politehnica of Bucharest Faculty of Aerospace Engineering\"},\"image\":{\"@id\":\"https:\/\/inginerie.aero\/#\/schema\/logo\/image\/\"},\"sameAs\":[\"https:\/\/www.facebook.com\/groups\/InginerieAerospatiala\/\"]}]}<\/script>\n<!-- \/ Yoast SEO plugin. -->","yoast_head_json":{"title":"\u201dNicolae Tipei\u201d Department of Aeronautical Systems Engineering and Aeronautical Management - Alumni Politehnica Aerospace Engineering","robots":{"index":"index","follow":"follow","max-snippet":"max-snippet:-1","max-image-preview":"max-image-preview:large","max-video-preview":"max-video-preview:-1"},"canonical":"https:\/\/inginerie.aero\/index.php\/en\/nicolae-tipei-department-aeronautical-systems-engineering-aeronautical-management\/","og_locale":"ro_RO","og_type":"article","og_title":"\u201dNicolae Tipei\u201d Department of Aeronautical Systems Engineering and Aeronautical Management - Alumni Politehnica Aerospace Engineering","og_description":"Elections for the management of the department 2020. The departmental meeting will be held on Thursday, February 27, 2020, at 10, room E013. The election rules are here (in romanian). The managerial plans of the candidates for the position of department director (in Romanian): Prof. Dr. Eng. Teodor-Viorel CHELARU Prof. Dr. Eng. Octavian GRIGORE-M\u00dcLER","og_url":"https:\/\/inginerie.aero\/index.php\/en\/nicolae-tipei-department-aeronautical-systems-engineering-aeronautical-management\/","og_site_name":"Alumni Politehnica Aerospace Engineering","article_publisher":"https:\/\/www.facebook.com\/groups\/InginerieAerospatiala\/","article_modified_time":"2020-02-24T15:02:05+00:00","twitter_card":"summary_large_image","twitter_misc":{"Timp estimat pentru citire":"3 minute"},"schema":{"@context":"https:\/\/schema.org","@graph":[{"@type":"WebPage","@id":"https:\/\/inginerie.aero\/index.php\/en\/nicolae-tipei-department-aeronautical-systems-engineering-aeronautical-management\/","url":"https:\/\/inginerie.aero\/index.php\/en\/nicolae-tipei-department-aeronautical-systems-engineering-aeronautical-management\/","name":"\u201dNicolae Tipei\u201d Department of Aeronautical Systems Engineering and Aeronautical Management - Alumni Politehnica Aerospace Engineering","isPartOf":{"@id":"https:\/\/inginerie.aero\/#website"},"datePublished":"2017-05-29T12:19:15+00:00","dateModified":"2020-02-24T15:02:05+00:00","breadcrumb":{"@id":"https:\/\/inginerie.aero\/index.php\/en\/nicolae-tipei-department-aeronautical-systems-engineering-aeronautical-management\/#breadcrumb"},"inLanguage":"ro-RO","potentialAction":[{"@type":"ReadAction","target":["https:\/\/inginerie.aero\/index.php\/en\/nicolae-tipei-department-aeronautical-systems-engineering-aeronautical-management\/"]}]},{"@type":"BreadcrumbList","@id":"https:\/\/inginerie.aero\/index.php\/en\/nicolae-tipei-department-aeronautical-systems-engineering-aeronautical-management\/#breadcrumb","itemListElement":[{"@type":"ListItem","position":1,"name":"Acas\u0103","item":"https:\/\/inginerie.aero\/index.php\/ro\/acasa\/"},{"@type":"ListItem","position":2,"name":"\u201dNicolae Tipei\u201d Department of Aeronautical Systems Engineering and Aeronautical Management"}]},{"@type":"WebSite","@id":"https:\/\/inginerie.aero\/#website","url":"https:\/\/inginerie.aero\/","name":"Facultatea de Inginerie Aerospatiala","description":"Site-ul Asociatiei de Alumni ai Facultatii de Inginerie Aerospatiala din cadrul Universitatii POLITEHNICA Bucuresti","publisher":{"@id":"https:\/\/inginerie.aero\/#organization"},"potentialAction":[{"@type":"SearchAction","target":{"@type":"EntryPoint","urlTemplate":"https:\/\/inginerie.aero\/?s={search_term_string}"},"query-input":{"@type":"PropertyValueSpecification","valueRequired":true,"valueName":"search_term_string"}}],"inLanguage":"ro-RO"},{"@type":"Organization","@id":"https:\/\/inginerie.aero\/#organization","name":"University Politehnica of Bucharest Faculty of Aerospace Engineering","url":"https:\/\/inginerie.aero\/","logo":{"@type":"ImageObject","inLanguage":"ro-RO","@id":"https:\/\/inginerie.aero\/#\/schema\/logo\/image\/","url":"https:\/\/inginerie.aero\/wp-content\/uploads\/2017\/03\/sigla1.png","contentUrl":"https:\/\/inginerie.aero\/wp-content\/uploads\/2017\/03\/sigla1.png","width":734,"height":735,"caption":"University Politehnica of Bucharest Faculty of Aerospace Engineering"},"image":{"@id":"https:\/\/inginerie.aero\/#\/schema\/logo\/image\/"},"sameAs":["https:\/\/www.facebook.com\/groups\/InginerieAerospatiala\/"]}]}},"jetpack_sharing_enabled":true,"jetpack_shortlink":"https:\/\/wp.me\/Pbbi8l-Qn","_links":{"self":[{"href":"https:\/\/inginerie.aero\/index.php\/wp-json\/wp\/v2\/pages\/3247","targetHints":{"allow":["GET"]}}],"collection":[{"href":"https:\/\/inginerie.aero\/index.php\/wp-json\/wp\/v2\/pages"}],"about":[{"href":"https:\/\/inginerie.aero\/index.php\/wp-json\/wp\/v2\/types\/page"}],"author":[{"embeddable":true,"href":"https:\/\/inginerie.aero\/index.php\/wp-json\/wp\/v2\/users\/5"}],"replies":[{"embeddable":true,"href":"https:\/\/inginerie.aero\/index.php\/wp-json\/wp\/v2\/comments?post=3247"}],"version-history":[{"count":7,"href":"https:\/\/inginerie.aero\/index.php\/wp-json\/wp\/v2\/pages\/3247\/revisions"}],"predecessor-version":[{"id":24260,"href":"https:\/\/inginerie.aero\/index.php\/wp-json\/wp\/v2\/pages\/3247\/revisions\/24260"}],"wp:attachment":[{"href":"https:\/\/inginerie.aero\/index.php\/wp-json\/wp\/v2\/media?parent=3247"}],"wp:term":[{"taxonomy":"category","embeddable":true,"href":"https:\/\/inginerie.aero\/index.php\/wp-json\/wp\/v2\/categories?post=3247"},{"taxonomy":"post_tag","embeddable":true,"href":"https:\/\/inginerie.aero\/index.php\/wp-json\/wp\/v2\/tags?post=3247"}],"curies":[{"name":"wp","href":"https:\/\/api.w.org\/{rel}","templated":true}]}}