{"id":3249,"date":"2017-05-29T15:20:34","date_gmt":"2017-05-29T12:20:34","guid":{"rendered":"https:\/\/inginerie.aero\/?page_id=3249"},"modified":"2017-06-11T16:43:52","modified_gmt":"2017-06-11T13:43:52","slug":"elie-carafoli-department-aerospace-science","status":"publish","type":"page","link":"https:\/\/inginerie.aero\/index.php\/en\/elie-carafoli-department-aerospace-science\/","title":{"rendered":"\u201dElie Carafoli\u201d Department of Aerospace Science"},"content":{"rendered":"<p>[et_pb_section admin_label=&#8221;Section&#8221; fullwidth=&#8221;on&#8221; specialty=&#8221;off&#8221; transparent_background=&#8221;off&#8221; allow_player_pause=&#8221;off&#8221; inner_shadow=&#8221;off&#8221; parallax=&#8221;off&#8221; parallax_method=&#8221;off&#8221; padding_mobile=&#8221;off&#8221; make_fullwidth=&#8221;off&#8221; use_custom_width=&#8221;off&#8221; width_unit=&#8221;on&#8221; make_equal=&#8221;off&#8221; use_custom_gutter=&#8221;off&#8221; background_color=&#8221;rgba(23,23,23,0.6)&#8221;][et_pb_fullwidth_post_title admin_label=&#8221;Fullwidth Post Title&#8221; title=&#8221;on&#8221; meta=&#8221;off&#8221; author=&#8221;off&#8221; date=&#8221;off&#8221; categories=&#8221;off&#8221; comments=&#8221;off&#8221; featured_image=&#8221;off&#8221; featured_placement=&#8221;below&#8221; parallax_effect=&#8221;on&#8221; parallax_method=&#8221;on&#8221; text_orientation=&#8221;left&#8221; text_color=&#8221;dark&#8221; text_background=&#8221;off&#8221; text_bg_color=&#8221;rgba(255,255,255,0.9)&#8221; module_bg_color=&#8221;#e3e3e3&#8243; title_all_caps=&#8221;off&#8221; use_border_color=&#8221;off&#8221; border_color=&#8221;#ffffff&#8221; border_style=&#8221;solid&#8221;]<br \/>\n[\/et_pb_fullwidth_post_title][\/et_pb_section][et_pb_section admin_label=&#8221;Section&#8221; transparent_background=&#8221;off&#8221; allow_player_pause=&#8221;off&#8221; inner_shadow=&#8221;off&#8221; parallax=&#8221;off&#8221; parallax_method=&#8221;on&#8221; padding_mobile=&#8221;off&#8221; make_fullwidth=&#8221;off&#8221; use_custom_width=&#8221;off&#8221; width_unit=&#8221;off&#8221; custom_width_px=&#8221;1080px&#8221; custom_width_percent=&#8221;80%&#8221; make_equal=&#8221;off&#8221; use_custom_gutter=&#8221;off&#8221; fullwidth=&#8221;off&#8221; specialty=&#8221;on&#8221; disabled=&#8221;off&#8221;][et_pb_column type=&#8221;3_4&#8243; specialty_columns=&#8221;3&#8243;][et_pb_row_inner admin_label=&#8221;Row&#8221; padding_mobile=&#8221;off&#8221; use_custom_gutter=&#8221;off&#8221; make_equal=&#8221;off&#8221; column_padding_mobile=&#8221;off&#8221; parallax_1=&#8221;off&#8221; parallax_method_1=&#8221;on&#8221; parallax_2=&#8221;off&#8221; parallax_method_2=&#8221;on&#8221; parallax_3=&#8221;off&#8221; parallax_method_3=&#8221;on&#8221; disabled=&#8221;off&#8221;][et_pb_column_inner type=&#8221;4_4&#8243; saved_specialty_column_type=&#8221;3_4&#8243;][et_pb_text admin_label=&#8221;Text&#8221; background_layout=&#8221;light&#8221; text_orientation=&#8221;left&#8221; use_border_color=&#8221;off&#8221; border_color=&#8221;#ffffff&#8221; border_style=&#8221;solid&#8221;]<\/p>\n\n<table id=\"tablepress-19\" class=\"tablepress tablepress-id-19\">\n<tbody class=\"row-striping row-hover\">\n<tr class=\"row-1\">\n\t<td class=\"column-1\">Prof. Dr. Eng. Sterian D\u0103nail\u0103<\/td><td class=\"column-2\">Department Director<\/td>\n<\/tr>\n<tr class=\"row-2\">\n\t<td class=\"column-1\">Emeritus Prof. Dr. Eng. Corneliu Berbente<\/td><td class=\"column-2\"><\/td>\n<\/tr>\n<tr class=\"row-3\">\n\t<td class=\"column-1\">Emeritus Prof. Dr. Eng. Stelian G\u0103letu\u0219e <\/td><td class=\"column-2\"><\/td>\n<\/tr>\n<tr class=\"row-4\">\n\t<td class=\"column-1\">Emeritus Prof. Dr. Eng. Virgil Stanciu <br \/>\n<\/td><td class=\"column-2\"><\/td>\n<\/tr>\n<tr class=\"row-5\">\n\t<td class=\"column-1\">Prof. Dr. Eng. Drago\u0219 Isvoranu <\/td><td class=\"column-2\"><\/td>\n<\/tr>\n<tr class=\"row-6\">\n\t<td class=\"column-1\">Prof. Dr. Eng. Marius Stoia Djeska  <br \/>\n<\/td><td class=\"column-2\">Vice Dean, Member in the Dept. Council<\/td>\n<\/tr>\n<tr class=\"row-7\">\n\t<td class=\"column-1\">Assoc. Prof. Dr. Eng. Petri\u0219or P\u00e2rvu <\/td><td class=\"column-2\">Vice Dean<\/td>\n<\/tr>\n<tr class=\"row-8\">\n\t<td class=\"column-1\"><a href=\"https:\/\/inginerie.aero\/index.php\/en\/elie-carafoli-department-aerospace-science\/conf-dr-ing-octavian-thor-pleter\/\">Assoc. Prof. Dr. Eng. Octavian Thor Pleter<\/a><\/td><td class=\"column-2\">Dean, Member in the Dept. Council<\/td>\n<\/tr>\n<tr class=\"row-9\">\n\t<td class=\"column-1\">Assoc. Prof. Dr. Eng. Florin Frunzulic\u0103 <\/td><td class=\"column-2\"><\/td>\n<\/tr>\n<tr class=\"row-10\">\n\t<td class=\"column-1\">Assoc. Prof. Dr. Eng. Alina Bogoi<\/td><td class=\"column-2\"><\/td>\n<\/tr>\n<tr class=\"row-11\">\n\t<td class=\"column-1\">Assoc. Prof. Dr. Eng. Lauren\u021biu Moraru <\/td><td class=\"column-2\">Vice Dean<\/td>\n<\/tr>\n<tr class=\"row-12\">\n\t<td class=\"column-1\">Assoc. Prof. Dr. Eng. Daniel Crun\u021beanu<\/td><td class=\"column-2\"><\/td>\n<\/tr>\n<tr class=\"row-13\">\n\t<td class=\"column-1\">Lect. Dr. Eng. Bogdan Teodorescu<\/td><td class=\"column-2\"><\/td>\n<\/tr>\n<tr class=\"row-14\">\n\t<td class=\"column-1\">Lect. Dr. Eng. Marius Brebenel<\/td><td class=\"column-2\"><\/td>\n<\/tr>\n<tr class=\"row-15\">\n\t<td class=\"column-1\">Lect. Dr. Eng. Constantin Leven\u021biu<\/td><td class=\"column-2\"><\/td>\n<\/tr>\n<tr class=\"row-16\">\n\t<td class=\"column-1\">Lect. Dr. Eng. Grigore Cican<\/td><td class=\"column-2\"><\/td>\n<\/tr>\n<tr class=\"row-17\">\n\t<td class=\"column-1\">Assist. Prof. Eng. Luiza Z\u0103v\u0103lan<\/td><td class=\"column-2\"><\/td>\n<\/tr>\n<tr class=\"row-18\">\n\t<td class=\"column-1\">Assist. Prof. Eng. Irina \u0218TEF\u0102NESCU<\/td><td class=\"column-2\"><\/td>\n<\/tr>\n<tr class=\"row-19\">\n\t<td class=\"column-1\">Assist. Prof. Eng. Bogdan Suatean<\/td><td class=\"column-2\"><\/td>\n<\/tr>\n<tr class=\"row-20\">\n\t<td class=\"column-1\">Assist. Prof. Eng. Gabriel \u021aurlea<\/td><td class=\"column-2\"><\/td>\n<\/tr>\n<\/tbody>\n<\/table>\n<!-- #tablepress-19 from cache -->\n<h4>Contact<\/h4>\n<p>Director:<\/p>\n<p style=\"padding-left: 30px;\">Prof. Dr. Eng.\u00a0Sterian\u00a0D\u0102N\u0102IL\u0102 (<span lang=\"ro-RO\">sterian.danaila@upb.ro) <\/span><\/p>\n<p>Headquarters<\/p>\n<p style=\"padding-left: 30px;\">Room I-016, Campus Polizu<\/p>\n<p>Secretary:<\/p>\n<p style=\"padding-left: 30px;\">Silvia \u0218tef\u0103nescu\u00a0(ssilviaro@yahoo.com) tel. 004021-402-3967<\/p>\n<p>&nbsp;<\/p>\n<p>&nbsp;<\/p>\n<p>[\/et_pb_text][\/et_pb_column_inner][\/et_pb_row_inner][\/et_pb_column][et_pb_column type=&#8221;1_4&#8243;][et_pb_text admin_label=&#8221;Text&#8221; background_layout=&#8221;light&#8221; text_orientation=&#8221;left&#8221; header_font_size=&#8221;49px&#8221; use_border_color=&#8221;off&#8221; border_style=&#8221;solid&#8221; disabled=&#8221;off&#8221; border_color=&#8221;#ffffff&#8221;]<\/p>\n<p>Latest departmental posts<\/p>\n<p>[\/et_pb_text][et_pb_divider admin_label=&#8221;Divider&#8221; color=&#8221;#bfbfbf&#8221; divider_style=&#8221;solid&#8221; divider_position=&#8221;top&#8221; divider_weight=&#8221;1px&#8221; hide_on_mobile=&#8221;on&#8221; disabled=&#8221;off&#8221;]<br \/>\n[\/et_pb_divider][et_pb_text admin_label=&#8221;Text&#8221; background_layout=&#8221;light&#8221; text_orientation=&#8221;left&#8221; use_border_color=&#8221;on&#8221; border_color=&#8221;#2ea3f2&#8243; border_style=&#8221;solid&#8221; text_text_color=&#8221;#ffffff&#8221; background_color=&#8221;#2ea3f2&#8243; border_width=&#8221;10px&#8221;]<\/p>\n<p>Sesiunea de comunic\u0103ri \u0219tiin\u021bifice se desf\u0103\u0219oar\u0103 anul acesta Vineri, 12 mai 2017.\u00a0 Pentru departamentul E. Carafoli\u00a0sala este I003 iar ora de \u00eencepere este 9:00.<\/p>\n<p>Programul sesiunii poate fi desc\u0103rcat <span style=\"color: #000000;\"><a style=\"color: #000000;\" href=\"https:\/\/inginerie.aero\/wp-content\/uploads\/2017\/05\/Sesiunea-de-Comunicari-Stiintifice-Studentesti-Mai-2017.pdf\" target=\"_blank\" rel=\"noopener noreferrer\">aici<\/a><\/span>.<\/p>\n<p>[\/et_pb_text][\/et_pb_column][\/et_pb_section]<\/p>\n","protected":false},"excerpt":{"rendered":"<p>\n<table id=\"tablepress-19-no-2\" class=\"tablepress tablepress-id-19\">\n<tbody class=\"row-striping row-hover\">\n<tr class=\"row-1\">\n\t<td class=\"column-1\">Prof. Dr. Eng. Sterian D\u0103nail\u0103<\/td><td class=\"column-2\">Department Director<\/td>\n<\/tr>\n<tr class=\"row-2\">\n\t<td class=\"column-1\">Emeritus Prof. Dr. Eng. Corneliu Berbente<\/td><td class=\"column-2\"><\/td>\n<\/tr>\n<tr class=\"row-3\">\n\t<td class=\"column-1\">Emeritus Prof. Dr. Eng. Stelian G\u0103letu\u0219e <\/td><td class=\"column-2\"><\/td>\n<\/tr>\n<tr class=\"row-4\">\n\t<td class=\"column-1\">Emeritus Prof. Dr. Eng. Virgil Stanciu <br \/>\n<\/td><td class=\"column-2\"><\/td>\n<\/tr>\n<tr class=\"row-5\">\n\t<td class=\"column-1\">Prof. Dr. Eng. Drago\u0219 Isvoranu <\/td><td class=\"column-2\"><\/td>\n<\/tr>\n<tr class=\"row-6\">\n\t<td class=\"column-1\">Prof. Dr. Eng. Marius Stoia Djeska  <br \/>\n<\/td><td class=\"column-2\">Vice Dean, Member in the Dept. Council<\/td>\n<\/tr>\n<tr class=\"row-7\">\n\t<td class=\"column-1\">Assoc. Prof. Dr. Eng. Petri\u0219or P\u00e2rvu <\/td><td class=\"column-2\">Vice Dean<\/td>\n<\/tr>\n<tr class=\"row-8\">\n\t<td class=\"column-1\"><a href=\"https:\/\/inginerie.aero\/index.php\/en\/elie-carafoli-department-aerospace-science\/conf-dr-ing-octavian-thor-pleter\/\">Assoc. Prof. Dr. Eng. Octavian Thor Pleter<\/a><\/td><td class=\"column-2\">Dean, Member in the Dept. Council<\/td>\n<\/tr>\n<tr class=\"row-9\">\n\t<td class=\"column-1\">Assoc. Prof. Dr. Eng. Florin Frunzulic\u0103 <\/td><td class=\"column-2\"><\/td>\n<\/tr>\n<tr class=\"row-10\">\n\t<td class=\"column-1\">Assoc. Prof. Dr. Eng. Alina Bogoi<\/td><td class=\"column-2\"><\/td>\n<\/tr>\n<tr class=\"row-11\">\n\t<td class=\"column-1\">Assoc. Prof. Dr. Eng. Lauren\u021biu Moraru <\/td><td class=\"column-2\">Vice Dean<\/td>\n<\/tr>\n<tr class=\"row-12\">\n\t<td class=\"column-1\">Assoc. Prof. Dr. Eng. Daniel Crun\u021beanu<\/td><td class=\"column-2\"><\/td>\n<\/tr>\n<tr class=\"row-13\">\n\t<td class=\"column-1\">Lect. Dr. Eng. Bogdan Teodorescu<\/td><td class=\"column-2\"><\/td>\n<\/tr>\n<tr class=\"row-14\">\n\t<td class=\"column-1\">Lect. Dr. Eng. Marius Brebenel<\/td><td class=\"column-2\"><\/td>\n<\/tr>\n<tr class=\"row-15\">\n\t<td class=\"column-1\">Lect. Dr. Eng. Constantin Leven\u021biu<\/td><td class=\"column-2\"><\/td>\n<\/tr>\n<tr class=\"row-16\">\n\t<td class=\"column-1\">Lect. Dr. Eng. Grigore Cican<\/td><td class=\"column-2\"><\/td>\n<\/tr>\n<tr class=\"row-17\">\n\t<td class=\"column-1\">Assist. Prof. Eng. Luiza Z\u0103v\u0103lan<\/td><td class=\"column-2\"><\/td>\n<\/tr>\n<tr class=\"row-18\">\n\t<td class=\"column-1\">Assist. Prof. Eng. Irina \u0218TEF\u0102NESCU<\/td><td class=\"column-2\"><\/td>\n<\/tr>\n<tr class=\"row-19\">\n\t<td class=\"column-1\">Assist. Prof. Eng. Bogdan Suatean<\/td><td class=\"column-2\"><\/td>\n<\/tr>\n<tr class=\"row-20\">\n\t<td class=\"column-1\">Assist. Prof. Eng. Gabriel \u021aurlea<\/td><td class=\"column-2\"><\/td>\n<\/tr>\n<\/tbody>\n<\/table>\n Contact Director: Prof. Dr. Eng.\u00a0Sterian\u00a0D\u0102N\u0102IL\u0102 (sterian.danaila@upb.ro) Headquarters Room I-016, Campus Polizu Secretary: Silvia \u0218tef\u0103nescu\u00a0(ssilviaro@yahoo.com) tel. 004021-402-3967 &nbsp; &nbsp; Latest departmental posts Sesiunea de comunic\u0103ri \u0219tiin\u021bifice se desf\u0103\u0219oar\u0103 anul acesta Vineri, 12 mai 2017.\u00a0 Pentru departamentul E. Carafoli\u00a0sala este I003 iar ora de \u00eencepere este 9:00. Programul sesiunii poate fi desc\u0103rcat aici.<\/p>\n","protected":false},"author":5,"featured_media":0,"parent":0,"menu_order":0,"comment_status":"closed","ping_status":"closed","template":"","meta":{"_et_pb_use_builder":"on","_et_pb_old_content":"<p>[et_pb_section admin_label=\"Section\" fullwidth=\"on\" specialty=\"off\" transparent_background=\"off\" allow_player_pause=\"off\" inner_shadow=\"off\" parallax=\"off\" parallax_method=\"off\" padding_mobile=\"off\" make_fullwidth=\"off\" use_custom_width=\"off\" width_unit=\"on\" make_equal=\"off\" use_custom_gutter=\"off\" background_color=\"rgba(23,23,23,0.6)\"][et_pb_fullwidth_post_title admin_label=\"Fullwidth Post Title\" title=\"on\" meta=\"off\" author=\"off\" date=\"off\" categories=\"off\" comments=\"off\" featured_image=\"off\" featured_placement=\"below\" parallax_effect=\"on\" parallax_method=\"on\" text_orientation=\"left\" text_color=\"dark\" text_background=\"off\" text_bg_color=\"rgba(255,255,255,0.9)\" module_bg_color=\"#e3e3e3\" title_all_caps=\"off\" use_border_color=\"off\" border_color=\"#ffffff\" border_style=\"solid\"]<br \/> [\/et_pb_fullwidth_post_title][\/et_pb_section][et_pb_section admin_label=\"Section\" transparent_background=\"off\" allow_player_pause=\"off\" inner_shadow=\"off\" parallax=\"off\" parallax_method=\"on\" padding_mobile=\"off\" make_fullwidth=\"off\" use_custom_width=\"off\" width_unit=\"off\" custom_width_px=\"1080px\" custom_width_percent=\"80%\" make_equal=\"off\" use_custom_gutter=\"off\" fullwidth=\"off\" specialty=\"on\" disabled=\"off\"][et_pb_column type=\"3_4\" specialty_columns=\"3\"][et_pb_row_inner admin_label=\"Row\" padding_mobile=\"off\" use_custom_gutter=\"off\" make_equal=\"off\" column_padding_mobile=\"off\" parallax_1=\"off\" parallax_method_1=\"on\" parallax_2=\"off\" parallax_method_2=\"on\" parallax_3=\"off\" parallax_method_3=\"on\" disabled=\"off\"][et_pb_column_inner type=\"4_4\" saved_specialty_column_type=\"3_4\"][et_pb_text admin_label=\"Text\" background_layout=\"light\" text_orientation=\"left\" use_border_color=\"off\" border_color=\"#ffffff\" border_style=\"solid\"] [table id=9 \/]<\/p><h4>Contact<\/h4><p>Director:<\/p><p style=\"padding-left: 30px;\">Prof.dr.ing.\u00a0Sterian\u00a0D\u0102N\u0102IL\u0102 (<span lang=\"ro-RO\">sterian.danaila@upb.ro) <\/span><\/p><p>Sediu:<\/p><p style=\"padding-left: 30px;\">Sala I-016, Local Polizu<\/p><p>Secretar\u0103:<\/p><p style=\"padding-left: 30px;\">Silvia \u0218tef\u0103nescu\u00a0(ssilviaro@yahoo.com) tel. 021-402-3967<\/p><p>\u00a0<\/p><p>\u00a0<\/p><p>[\/et_pb_text][\/et_pb_column_inner][\/et_pb_row_inner][\/et_pb_column][et_pb_column type=\"1_4\"][et_pb_text admin_label=\"Text\" background_layout=\"light\" text_orientation=\"left\" header_font_size=\"49px\" use_border_color=\"off\" border_style=\"solid\" disabled=\"off\" border_color=\"#ffffff\"]<\/p><p><strong>Anun\u021buri Departament<\/strong><\/p><p>[\/et_pb_text][et_pb_divider admin_label=\"Divider\" color=\"#bfbfbf\" divider_style=\"solid\" divider_position=\"top\" divider_weight=\"1px\" hide_on_mobile=\"on\" disabled=\"off\"]<br \/> [\/et_pb_divider][et_pb_text admin_label=\"Text\" background_layout=\"light\" text_orientation=\"left\" use_border_color=\"on\" border_color=\"#2ea3f2\" border_style=\"solid\" text_text_color=\"#ffffff\" background_color=\"#2ea3f2\" border_width=\"10px\"]<\/p><p>Sesiunea de comunic\u0103ri \u0219tiin\u021bifice se desf\u0103\u0219oar\u0103 anul acesta Vineri, 12 mai 2017.\u00a0 Pentru departamentul E. Carafoli\u00a0sala este I003 iar ora de \u00eencepere este 9:00.<\/p><p>Programul sesiunii poate fi desc\u0103rcat <span style=\"color: #000000;\"><a style=\"color: #000000;\" href=\"https:\/\/inginerie.aero\/wp-content\/uploads\/2017\/05\/Sesiunea-de-Comunicari-Stiintifice-Studentesti-Mai-2017.pdf\" target=\"_blank\" rel=\"noopener noreferrer\">aici<\/a><\/span>.<\/p><p>[\/et_pb_text][\/et_pb_column][\/et_pb_section]<\/p>","_et_gb_content_width":"","jetpack_post_was_ever_published":false,"footnotes":"","_links_to":"","_links_to_target":""},"categories":[],"tags":[],"class_list":["post-3249","page","type-page","status-publish","hentry"],"yoast_head":"<!-- This site is optimized with the Yoast SEO plugin v24.3 - https:\/\/yoast.com\/wordpress\/plugins\/seo\/ -->\n<title>\u201dElie Carafoli\u201d Department of Aerospace Science - Alumni Politehnica Aerospace Engineering<\/title>\n<meta name=\"robots\" content=\"index, follow, max-snippet:-1, max-image-preview:large, max-video-preview:-1\" \/>\n<link rel=\"canonical\" href=\"https:\/\/inginerie.aero\/index.php\/en\/elie-carafoli-department-aerospace-science\/\" \/>\n<meta property=\"og:locale\" content=\"ro_RO\" \/>\n<meta property=\"og:type\" content=\"article\" \/>\n<meta property=\"og:title\" content=\"\u201dElie Carafoli\u201d Department of Aerospace Science - Alumni Politehnica Aerospace Engineering\" \/>\n<meta property=\"og:description\" content=\"Contact Director: Prof. Dr. Eng.\u00a0Sterian\u00a0D\u0102N\u0102IL\u0102 (sterian.danaila@upb.ro) Headquarters Room I-016, Campus Polizu Secretary: Silvia \u0218tef\u0103nescu\u00a0(ssilviaro@yahoo.com) tel. 004021-402-3967 &nbsp; &nbsp; Latest departmental posts Sesiunea de comunic\u0103ri \u0219tiin\u021bifice se desf\u0103\u0219oar\u0103 anul acesta Vineri, 12 mai 2017.\u00a0 Pentru departamentul E. Carafoli\u00a0sala este I003 iar ora de \u00eencepere este 9:00. Programul sesiunii poate fi desc\u0103rcat aici.\" \/>\n<meta property=\"og:url\" content=\"https:\/\/inginerie.aero\/index.php\/en\/elie-carafoli-department-aerospace-science\/\" \/>\n<meta property=\"og:site_name\" content=\"Alumni Politehnica Aerospace Engineering\" \/>\n<meta property=\"article:publisher\" content=\"https:\/\/www.facebook.com\/groups\/InginerieAerospatiala\/\" \/>\n<meta property=\"article:modified_time\" content=\"2017-06-11T13:43:52+00:00\" \/>\n<meta name=\"twitter:card\" content=\"summary_large_image\" \/>\n<meta name=\"twitter:label1\" content=\"Timp estimat pentru citire\" \/>\n\t<meta name=\"twitter:data1\" content=\"2 minute\" \/>\n<script type=\"application\/ld+json\" class=\"yoast-schema-graph\">{\"@context\":\"https:\/\/schema.org\",\"@graph\":[{\"@type\":\"WebPage\",\"@id\":\"https:\/\/inginerie.aero\/index.php\/en\/elie-carafoli-department-aerospace-science\/\",\"url\":\"https:\/\/inginerie.aero\/index.php\/en\/elie-carafoli-department-aerospace-science\/\",\"name\":\"\u201dElie Carafoli\u201d Department of Aerospace Science - Alumni Politehnica Aerospace Engineering\",\"isPartOf\":{\"@id\":\"https:\/\/inginerie.aero\/#website\"},\"datePublished\":\"2017-05-29T12:20:34+00:00\",\"dateModified\":\"2017-06-11T13:43:52+00:00\",\"breadcrumb\":{\"@id\":\"https:\/\/inginerie.aero\/index.php\/en\/elie-carafoli-department-aerospace-science\/#breadcrumb\"},\"inLanguage\":\"ro-RO\",\"potentialAction\":[{\"@type\":\"ReadAction\",\"target\":[\"https:\/\/inginerie.aero\/index.php\/en\/elie-carafoli-department-aerospace-science\/\"]}]},{\"@type\":\"BreadcrumbList\",\"@id\":\"https:\/\/inginerie.aero\/index.php\/en\/elie-carafoli-department-aerospace-science\/#breadcrumb\",\"itemListElement\":[{\"@type\":\"ListItem\",\"position\":1,\"name\":\"Acas\u0103\",\"item\":\"https:\/\/inginerie.aero\/index.php\/ro\/acasa\/\"},{\"@type\":\"ListItem\",\"position\":2,\"name\":\"\u201dElie Carafoli\u201d Department of Aerospace Science\"}]},{\"@type\":\"WebSite\",\"@id\":\"https:\/\/inginerie.aero\/#website\",\"url\":\"https:\/\/inginerie.aero\/\",\"name\":\"Facultatea de Inginerie Aerospatiala\",\"description\":\"Site-ul Asociatiei de Alumni ai Facultatii de Inginerie Aerospatiala din cadrul Universitatii POLITEHNICA Bucuresti\",\"publisher\":{\"@id\":\"https:\/\/inginerie.aero\/#organization\"},\"potentialAction\":[{\"@type\":\"SearchAction\",\"target\":{\"@type\":\"EntryPoint\",\"urlTemplate\":\"https:\/\/inginerie.aero\/?s={search_term_string}\"},\"query-input\":{\"@type\":\"PropertyValueSpecification\",\"valueRequired\":true,\"valueName\":\"search_term_string\"}}],\"inLanguage\":\"ro-RO\"},{\"@type\":\"Organization\",\"@id\":\"https:\/\/inginerie.aero\/#organization\",\"name\":\"University Politehnica of Bucharest Faculty of Aerospace Engineering\",\"url\":\"https:\/\/inginerie.aero\/\",\"logo\":{\"@type\":\"ImageObject\",\"inLanguage\":\"ro-RO\",\"@id\":\"https:\/\/inginerie.aero\/#\/schema\/logo\/image\/\",\"url\":\"https:\/\/inginerie.aero\/wp-content\/uploads\/2017\/03\/sigla1.png\",\"contentUrl\":\"https:\/\/inginerie.aero\/wp-content\/uploads\/2017\/03\/sigla1.png\",\"width\":734,\"height\":735,\"caption\":\"University Politehnica of Bucharest Faculty of Aerospace Engineering\"},\"image\":{\"@id\":\"https:\/\/inginerie.aero\/#\/schema\/logo\/image\/\"},\"sameAs\":[\"https:\/\/www.facebook.com\/groups\/InginerieAerospatiala\/\"]}]}<\/script>\n<!-- \/ Yoast SEO plugin. -->","yoast_head_json":{"title":"\u201dElie Carafoli\u201d Department of Aerospace Science - Alumni Politehnica Aerospace Engineering","robots":{"index":"index","follow":"follow","max-snippet":"max-snippet:-1","max-image-preview":"max-image-preview:large","max-video-preview":"max-video-preview:-1"},"canonical":"https:\/\/inginerie.aero\/index.php\/en\/elie-carafoli-department-aerospace-science\/","og_locale":"ro_RO","og_type":"article","og_title":"\u201dElie Carafoli\u201d Department of Aerospace Science - Alumni Politehnica Aerospace Engineering","og_description":"Contact Director: Prof. Dr. Eng.\u00a0Sterian\u00a0D\u0102N\u0102IL\u0102 (sterian.danaila@upb.ro) Headquarters Room I-016, Campus Polizu Secretary: Silvia \u0218tef\u0103nescu\u00a0(ssilviaro@yahoo.com) tel. 004021-402-3967 &nbsp; &nbsp; Latest departmental posts Sesiunea de comunic\u0103ri \u0219tiin\u021bifice se desf\u0103\u0219oar\u0103 anul acesta Vineri, 12 mai 2017.\u00a0 Pentru departamentul E. Carafoli\u00a0sala este I003 iar ora de \u00eencepere este 9:00. Programul sesiunii poate fi desc\u0103rcat aici.","og_url":"https:\/\/inginerie.aero\/index.php\/en\/elie-carafoli-department-aerospace-science\/","og_site_name":"Alumni Politehnica Aerospace Engineering","article_publisher":"https:\/\/www.facebook.com\/groups\/InginerieAerospatiala\/","article_modified_time":"2017-06-11T13:43:52+00:00","twitter_card":"summary_large_image","twitter_misc":{"Timp estimat pentru citire":"2 minute"},"schema":{"@context":"https:\/\/schema.org","@graph":[{"@type":"WebPage","@id":"https:\/\/inginerie.aero\/index.php\/en\/elie-carafoli-department-aerospace-science\/","url":"https:\/\/inginerie.aero\/index.php\/en\/elie-carafoli-department-aerospace-science\/","name":"\u201dElie Carafoli\u201d Department of Aerospace Science - Alumni Politehnica Aerospace Engineering","isPartOf":{"@id":"https:\/\/inginerie.aero\/#website"},"datePublished":"2017-05-29T12:20:34+00:00","dateModified":"2017-06-11T13:43:52+00:00","breadcrumb":{"@id":"https:\/\/inginerie.aero\/index.php\/en\/elie-carafoli-department-aerospace-science\/#breadcrumb"},"inLanguage":"ro-RO","potentialAction":[{"@type":"ReadAction","target":["https:\/\/inginerie.aero\/index.php\/en\/elie-carafoli-department-aerospace-science\/"]}]},{"@type":"BreadcrumbList","@id":"https:\/\/inginerie.aero\/index.php\/en\/elie-carafoli-department-aerospace-science\/#breadcrumb","itemListElement":[{"@type":"ListItem","position":1,"name":"Acas\u0103","item":"https:\/\/inginerie.aero\/index.php\/ro\/acasa\/"},{"@type":"ListItem","position":2,"name":"\u201dElie Carafoli\u201d Department of Aerospace Science"}]},{"@type":"WebSite","@id":"https:\/\/inginerie.aero\/#website","url":"https:\/\/inginerie.aero\/","name":"Facultatea de Inginerie Aerospatiala","description":"Site-ul Asociatiei de Alumni ai Facultatii de Inginerie Aerospatiala din cadrul Universitatii POLITEHNICA Bucuresti","publisher":{"@id":"https:\/\/inginerie.aero\/#organization"},"potentialAction":[{"@type":"SearchAction","target":{"@type":"EntryPoint","urlTemplate":"https:\/\/inginerie.aero\/?s={search_term_string}"},"query-input":{"@type":"PropertyValueSpecification","valueRequired":true,"valueName":"search_term_string"}}],"inLanguage":"ro-RO"},{"@type":"Organization","@id":"https:\/\/inginerie.aero\/#organization","name":"University Politehnica of Bucharest Faculty of Aerospace Engineering","url":"https:\/\/inginerie.aero\/","logo":{"@type":"ImageObject","inLanguage":"ro-RO","@id":"https:\/\/inginerie.aero\/#\/schema\/logo\/image\/","url":"https:\/\/inginerie.aero\/wp-content\/uploads\/2017\/03\/sigla1.png","contentUrl":"https:\/\/inginerie.aero\/wp-content\/uploads\/2017\/03\/sigla1.png","width":734,"height":735,"caption":"University Politehnica of Bucharest Faculty of Aerospace Engineering"},"image":{"@id":"https:\/\/inginerie.aero\/#\/schema\/logo\/image\/"},"sameAs":["https:\/\/www.facebook.com\/groups\/InginerieAerospatiala\/"]}]}},"jetpack_sharing_enabled":true,"jetpack_shortlink":"https:\/\/wp.me\/Pbbi8l-Qp","_links":{"self":[{"href":"https:\/\/inginerie.aero\/index.php\/wp-json\/wp\/v2\/pages\/3249","targetHints":{"allow":["GET"]}}],"collection":[{"href":"https:\/\/inginerie.aero\/index.php\/wp-json\/wp\/v2\/pages"}],"about":[{"href":"https:\/\/inginerie.aero\/index.php\/wp-json\/wp\/v2\/types\/page"}],"author":[{"embeddable":true,"href":"https:\/\/inginerie.aero\/index.php\/wp-json\/wp\/v2\/users\/5"}],"replies":[{"embeddable":true,"href":"https:\/\/inginerie.aero\/index.php\/wp-json\/wp\/v2\/comments?post=3249"}],"version-history":[{"count":4,"href":"https:\/\/inginerie.aero\/index.php\/wp-json\/wp\/v2\/pages\/3249\/revisions"}],"predecessor-version":[{"id":3745,"href":"https:\/\/inginerie.aero\/index.php\/wp-json\/wp\/v2\/pages\/3249\/revisions\/3745"}],"wp:attachment":[{"href":"https:\/\/inginerie.aero\/index.php\/wp-json\/wp\/v2\/media?parent=3249"}],"wp:term":[{"taxonomy":"category","embeddable":true,"href":"https:\/\/inginerie.aero\/index.php\/wp-json\/wp\/v2\/categories?post=3249"},{"taxonomy":"post_tag","embeddable":true,"href":"https:\/\/inginerie.aero\/index.php\/wp-json\/wp\/v2\/tags?post=3249"}],"curies":[{"name":"wp","href":"https:\/\/api.w.org\/{rel}","templated":true}]}}